Last updated on 2024-06-21 09:55:40 CEST.
Flavor | Version | Tinstall | Tcheck | Ttotal | Status | Flags |
---|---|---|---|---|---|---|
r-devel-linux-x86_64-debian-clang | 1.2.5 | 97.83 | 108.19 | 206.02 | OK | |
r-devel-linux-x86_64-debian-gcc | 1.2.5 | 74.07 | 75.97 | 150.04 | OK | |
r-devel-linux-x86_64-fedora-clang | 1.2.5 | 263.41 | NOTE | |||
r-devel-linux-x86_64-fedora-gcc | 1.2.5 | 259.71 | OK | |||
r-devel-windows-x86_64 | 1.2.5 | 80.00 | 98.00 | 178.00 | OK | |
r-patched-linux-x86_64 | 1.2.5 | 81.12 | 100.08 | 181.20 | OK | |
r-release-linux-x86_64 | 1.2.5 | 82.86 | 102.07 | 184.93 | OK | |
r-release-macos-arm64 | 1.2.5 | 95.00 | OK | |||
r-release-macos-x86_64 | 1.2.5 | 84.00 | OK | |||
r-release-windows-x86_64 | 1.2.5 | 83.00 | 101.00 | 184.00 | OK | |
r-oldrel-macos-arm64 | 1.2.5 | 80.00 | OK | |||
r-oldrel-macos-x86_64 | 1.2.5 | 112.00 | OK | |||
r-oldrel-windows-x86_64 | 1.2.5 | 100.00 | 123.00 | 223.00 | OK |
Version: 1.2.5
Check: installed package size
Result: NOTE
installed size is 7.3Mb
sub-directories of 1Mb or more:
libs 6.6Mb
Flavor: r-devel-linux-x86_64-fedora-clang