Last updated on 2024-07-13 11:49:08 CEST.
Flavor | Version | Tinstall | Tcheck | Ttotal | Status | Flags |
---|---|---|---|---|---|---|
r-devel-linux-x86_64-debian-clang | 0.8.7 | 15.57 | 222.30 | 237.87 | OK | |
r-devel-linux-x86_64-debian-gcc | 0.8.7 | 11.98 | 163.32 | 175.30 | OK | |
r-devel-linux-x86_64-fedora-clang | 0.8.7 | 307.84 | NOTE | |||
r-devel-linux-x86_64-fedora-gcc | 0.8.7 | 300.19 | OK | |||
r-devel-windows-x86_64 | 0.8.7 | 14.00 | 173.00 | 187.00 | OK | |
r-patched-linux-x86_64 | 0.8.7 | 12.37 | 211.93 | 224.30 | OK | |
r-release-linux-x86_64 | 0.8.7 | 9.08 | 210.05 | 219.13 | OK | |
r-release-macos-arm64 | 0.8.7 | 84.00 | OK | |||
r-release-macos-x86_64 | 0.8.7 | 210.00 | OK | |||
r-release-windows-x86_64 | 0.8.7 | 15.00 | 172.00 | 187.00 | OK | |
r-oldrel-macos-arm64 | 0.8.7 | 90.00 | OK | |||
r-oldrel-macos-x86_64 | 0.8.7 | 207.00 | OK | |||
r-oldrel-windows-x86_64 | 0.8.7 | 17.00 | 225.00 | 242.00 | OK |
Version: 0.8.7
Check: Rd cross-references
Result: NOTE
Undeclared package ‘generics’ in Rd xrefs
Flavor: r-devel-linux-x86_64-fedora-clang