Last updated on 2024-07-13 05:49:09 CEST.
Flavor | Version | Tinstall | Tcheck | Ttotal | Status | Flags |
---|---|---|---|---|---|---|
r-devel-linux-x86_64-debian-clang | 1.3.15 | 332.19 | 154.60 | 486.79 | OK | |
r-devel-linux-x86_64-debian-gcc | 1.3.15 | 296.76 | 131.07 | 427.83 | OK | |
r-devel-linux-x86_64-fedora-clang | 1.3.15 | 601.69 | NOTE | |||
r-devel-linux-x86_64-fedora-gcc | 1.3.15 | 846.10 | NOTE | |||
r-devel-windows-x86_64 | 1.3.15 | 262.00 | 143.00 | 405.00 | OK | |
r-patched-linux-x86_64 | 1.3.15 | 255.64 | 169.82 | 425.46 | OK | |
r-release-linux-x86_64 | 1.3.15 | 0.02 | 2.31 | 2.33 | ERROR | |
r-release-macos-arm64 | 1.3.15 | 164.00 | NOTE | |||
r-release-macos-x86_64 | 1.3.15 | 217.00 | NOTE | |||
r-release-windows-x86_64 | 1.3.15 | 250.00 | 148.00 | 398.00 | OK | |
r-oldrel-macos-arm64 | 1.3.15 | 182.00 | NOTE | |||
r-oldrel-macos-x86_64 | 1.3.15 | 259.00 | NOTE | |||
r-oldrel-windows-x86_64 | 1.3.15 | 346.00 | 188.00 | 534.00 | OK |
Version: 1.3.15
Check: dependencies in R code
Result: NOTE
Namespaces in Imports field not imported from:
‘RcppParallel’ ‘rstantools’
All declared Imports should be used.
Flavors: r-devel-linux-x86_64-fedora-clang, r-devel-linux-x86_64-fedora-gcc
Version: 1.3.15
Check: for GNU extensions in Makefiles
Result: NOTE
GNU make is a SystemRequirements.
Flavors: r-devel-linux-x86_64-fedora-clang, r-devel-linux-x86_64-fedora-gcc, r-release-macos-arm64, r-release-macos-x86_64, r-oldrel-macos-arm64, r-oldrel-macos-x86_64
Version: 1.3.15
Check: whether package can be installed
Result: ERROR
Installation failed.
Flavor: r-release-linux-x86_64
Version: 1.3.15
Check: installed package size
Result: NOTE
installed size is 64.9Mb
sub-directories of 1Mb or more:
libs 64.6Mb
Flavors: r-release-macos-arm64, r-release-macos-x86_64, r-oldrel-macos-arm64, r-oldrel-macos-x86_64