Last updated on 2024-06-27 10:49:27 CEST.
Flavor | Version | Tinstall | Tcheck | Ttotal | Status | Flags |
---|---|---|---|---|---|---|
r-devel-linux-x86_64-debian-clang | 4.9 | NOTE | ||||
r-devel-linux-x86_64-debian-gcc | 4.9 | 4.41 | 45.57 | 49.98 | NOTE | |
r-devel-linux-x86_64-fedora-clang | 4.9 | 82.38 | NOTE | |||
r-devel-linux-x86_64-fedora-gcc | 4.9 | 92.89 | NOTE | |||
r-devel-windows-x86_64 | 4.9 | 5.00 | 70.00 | 75.00 | NOTE | |
r-patched-linux-x86_64 | 4.9 | 6.62 | 57.66 | 64.28 | NOTE | |
r-release-linux-x86_64 | 4.9 | 5.85 | 60.02 | 65.87 | NOTE | |
r-release-macos-arm64 | 4.9 | 35.00 | NOTE | |||
r-release-macos-x86_64 | 4.9 | 65.00 | NOTE | |||
r-release-windows-x86_64 | 4.9 | 5.00 | 72.00 | 77.00 | NOTE | |
r-oldrel-macos-arm64 | 4.9 | 35.00 | OK | |||
r-oldrel-macos-x86_64 | 4.9 | 53.00 | OK | |||
r-oldrel-windows-x86_64 | 4.9 | 7.00 | 77.00 | 84.00 | OK |
Version: 4.9
Check: Rd files
Result: NOTE
checkRd: (-1) durban.Rd:16: Lost braces; missing escapes or markup?
16 | This data set was obtained from the durban.rowcol {agridat} example in package 'agridat'
| ^
checkRd: (-1) fraction.Rd:30: Lost braces in \itemize; \value handles \item{}{} directly
checkRd: (-1) fraction.Rd:31-32: Lost braces in \itemize; \value handles \item{}{} directly
checkRd: (-1) fraction.Rd:33: Lost braces in \itemize; \value handles \item{}{} directly
Flavors: r-devel-linux-x86_64-debian-clang, r-devel-linux-x86_64-debian-gcc, r-devel-linux-x86_64-fedora-clang, r-devel-linux-x86_64-fedora-gcc, r-devel-windows-x86_64, r-patched-linux-x86_64, r-release-linux-x86_64, r-release-macos-arm64, r-release-macos-x86_64, r-release-windows-x86_64