Last updated on 2024-07-13 05:49:09 CEST.
Flavor | Version | Tinstall | Tcheck | Ttotal | Status | Flags |
---|---|---|---|---|---|---|
r-devel-linux-x86_64-debian-clang | 4.5.5 | 467.01 | 62.90 | 529.91 | NOTE | |
r-devel-linux-x86_64-debian-gcc | 4.5.5 | 396.47 | 49.79 | 446.26 | NOTE | |
r-devel-linux-x86_64-fedora-clang | 4.5.5 | 790.59 | NOTE | |||
r-devel-linux-x86_64-fedora-gcc | 4.5.5 | 1000.54 | NOTE | |||
r-devel-windows-x86_64 | 4.5.5 | 338.00 | 130.00 | 468.00 | NOTE | |
r-patched-linux-x86_64 | 4.5.5 | 491.55 | 63.81 | 555.36 | NOTE | |
r-release-linux-x86_64 | 4.5.5 | 462.39 | 64.01 | 526.40 | NOTE | |
r-release-macos-arm64 | 4.5.5 | 161.00 | NOTE | |||
r-release-macos-x86_64 | 4.5.5 | 139.00 | NOTE | |||
r-release-windows-x86_64 | 4.5.5 | 357.00 | 128.00 | 485.00 | NOTE | |
r-oldrel-macos-arm64 | 4.5.5 | 168.00 | NOTE | |||
r-oldrel-macos-x86_64 | 4.5.5 | 177.00 | NOTE | |||
r-oldrel-windows-x86_64 | 4.5.5 | 352.00 | 139.00 | 491.00 | NOTE |
Version: 4.5.5
Check: for GNU extensions in Makefiles
Result: NOTE
GNU make is a SystemRequirements.
Flavors: r-devel-linux-x86_64-debian-clang, r-devel-linux-x86_64-debian-gcc, r-devel-linux-x86_64-fedora-clang, r-devel-linux-x86_64-fedora-gcc, r-devel-windows-x86_64, r-patched-linux-x86_64, r-release-linux-x86_64, r-release-macos-arm64, r-release-macos-x86_64, r-release-windows-x86_64, r-oldrel-macos-arm64, r-oldrel-macos-x86_64, r-oldrel-windows-x86_64
Version: 4.5.5
Check: installed package size
Result: NOTE
installed size is 33.9Mb
sub-directories of 1Mb or more:
libs 32.6Mb
Flavors: r-release-macos-arm64, r-release-macos-x86_64, r-oldrel-macos-arm64, r-oldrel-macos-x86_64