Last updated on 2024-07-13 11:49:08 CEST.
Flavor | Version | Tinstall | Tcheck | Ttotal | Status | Flags |
---|---|---|---|---|---|---|
r-devel-linux-x86_64-debian-clang | 1.1.0 | 51.37 | 97.51 | 148.88 | OK | |
r-devel-linux-x86_64-debian-gcc | 1.1.0 | 37.33 | 74.43 | 111.76 | OK | |
r-devel-linux-x86_64-fedora-clang | 1.1.0 | 200.06 | OK | |||
r-devel-linux-x86_64-fedora-gcc | 1.1.0 | 232.49 | OK | |||
r-devel-windows-x86_64 | 1.1.0 | 40.00 | 129.00 | 169.00 | NOTE | |
r-patched-linux-x86_64 | 1.1.0 | 46.25 | 93.96 | 140.21 | OK | |
r-release-linux-x86_64 | 1.1.0 | 45.26 | 94.83 | 140.09 | OK | |
r-release-macos-arm64 | 1.1.0 | 60.00 | NOTE | |||
r-release-macos-x86_64 | 1.1.0 | 90.00 | NOTE | |||
r-release-windows-x86_64 | 1.1.0 | 42.00 | 128.00 | 170.00 | NOTE | |
r-oldrel-macos-arm64 | 1.1.0 | 59.00 | NOTE | |||
r-oldrel-macos-x86_64 | 1.1.0 | 129.00 | NOTE | |||
r-oldrel-windows-x86_64 | 1.1.0 | 55.00 | 142.00 | 197.00 | NOTE |
Version: 1.1.0
Check: installed package size
Result: NOTE
installed size is 5.4Mb
sub-directories of 1Mb or more:
data 2.8Mb
doc 1.3Mb
libs 1.1Mb
Flavors: r-devel-windows-x86_64, r-release-macos-arm64, r-release-macos-x86_64, r-release-windows-x86_64, r-oldrel-macos-arm64, r-oldrel-macos-x86_64, r-oldrel-windows-x86_64
Version: 1.1.0
Check: Rd cross-references
Result: NOTE
Found the following Rd file(s) with Rd \link{} targets missing package
anchors:
compute_beta_posterior_density.Rd: kde2d
Please provide package anchors for all Rd \link{} targets not in the
package itself and the base packages.
Flavor: r-devel-windows-x86_64