Last updated on 2024-07-13 05:49:09 CEST.
Flavor | Version | Tinstall | Tcheck | Ttotal | Status | Flags |
---|---|---|---|---|---|---|
r-devel-linux-x86_64-debian-clang | 1.0 | 49.98 | 123.50 | 173.48 | OK | |
r-devel-linux-x86_64-debian-gcc | 1.0 | 34.15 | 92.99 | 127.14 | OK | |
r-devel-linux-x86_64-fedora-clang | 1.0 | 222.42 | NOTE | |||
r-devel-linux-x86_64-fedora-gcc | 1.0 | 244.04 | NOTE | |||
r-devel-windows-x86_64 | 1.0 | 40.00 | 127.00 | 167.00 | NOTE | |
r-patched-linux-x86_64 | 1.0 | 33.38 | 115.76 | 149.14 | OK | |
r-release-linux-x86_64 | 1.0 | 36.57 | 119.80 | 156.37 | OK | |
r-release-macos-arm64 | 1.0 | 64.00 | NOTE | |||
r-release-macos-x86_64 | 1.0 | 92.00 | NOTE | |||
r-release-windows-x86_64 | 1.0 | 41.00 | 122.00 | 163.00 | NOTE | |
r-oldrel-macos-arm64 | 1.0 | 73.00 | NOTE | |||
r-oldrel-macos-x86_64 | 1.0 | 118.00 | NOTE | |||
r-oldrel-windows-x86_64 | 1.0 | 49.00 | 154.00 | 203.00 | NOTE |
Version: 1.0
Check: installed package size
Result: NOTE
installed size is 5.7Mb
sub-directories of 1Mb or more:
extdata 4.8Mb
Flavors: r-devel-linux-x86_64-fedora-clang, r-devel-windows-x86_64, r-release-macos-arm64, r-release-macos-x86_64, r-release-windows-x86_64, r-oldrel-macos-arm64, r-oldrel-macos-x86_64, r-oldrel-windows-x86_64
Version: 1.0
Check: dependencies in R code
Result: NOTE
Namespace in Imports field not imported from: ‘Rcpp’
All declared Imports should be used.
Flavors: r-devel-linux-x86_64-fedora-clang, r-devel-linux-x86_64-fedora-gcc