Last updated on 2024-06-27 16:49:00 CEST.
Flavor | Version | Tinstall | Tcheck | Ttotal | Status | Flags |
---|---|---|---|---|---|---|
r-devel-linux-x86_64-debian-clang | 0.0.6 | OK | ||||
r-devel-linux-x86_64-debian-gcc | 0.0.6 | 2.67 | 46.53 | 49.20 | OK | |
r-devel-linux-x86_64-fedora-clang | 0.0.6 | 81.13 | NOTE | |||
r-devel-linux-x86_64-fedora-gcc | 0.0.6 | 91.24 | OK | |||
r-devel-windows-x86_64 | 0.0.6 | 4.00 | 91.00 | 95.00 | OK | |
r-patched-linux-x86_64 | 0.0.6 | 3.57 | 57.47 | 61.04 | OK | |
r-release-linux-x86_64 | 0.0.6 | 3.73 | 57.02 | 60.75 | OK | |
r-release-macos-arm64 | 0.0.6 | 37.00 | OK | |||
r-release-macos-x86_64 | 0.0.6 | 58.00 | OK | |||
r-release-windows-x86_64 | 0.0.6 | 5.00 | 93.00 | 98.00 | OK | |
r-oldrel-macos-arm64 | 0.0.6 | 41.00 | OK | |||
r-oldrel-macos-x86_64 | 0.0.6 | 42.00 | OK | |||
r-oldrel-windows-x86_64 | 0.0.6 | 6.00 | 93.00 | 99.00 | OK |
Version: 0.0.6
Check: Rd cross-references
Result: NOTE
Undeclared packages ‘tint’, ‘pinp’, ‘linl’ in Rd xrefs
Flavor: r-devel-linux-x86_64-fedora-clang