Last updated on 2024-06-27 16:49:00 CEST.
Flavor | Version | Tinstall | Tcheck | Ttotal | Status | Flags |
---|---|---|---|---|---|---|
r-devel-linux-x86_64-debian-clang | 1.5.1 | NOTE | ||||
r-devel-linux-x86_64-debian-gcc | 1.5.1 | 16.52 | 71.16 | 87.68 | NOTE | |
r-devel-linux-x86_64-fedora-clang | 1.5.1 | 145.94 | NOTE | |||
r-devel-linux-x86_64-fedora-gcc | 1.5.1 | 143.11 | NOTE | |||
r-devel-windows-x86_64 | 1.5.1 | 20.00 | 100.00 | 120.00 | NOTE | |
r-patched-linux-x86_64 | 1.5.1 | 28.27 | 88.03 | 116.30 | OK | |
r-release-linux-x86_64 | 1.5.1 | 17.92 | 88.37 | 106.29 | OK | |
r-release-macos-arm64 | 1.5.1 | 39.00 | OK | |||
r-release-macos-x86_64 | 1.5.1 | 62.00 | OK | |||
r-release-windows-x86_64 | 1.5.1 | 22.00 | 106.00 | 128.00 | OK | |
r-oldrel-macos-arm64 | 1.5.1 | 46.00 | OK | |||
r-oldrel-macos-x86_64 | 1.5.1 | 96.00 | OK | |||
r-oldrel-windows-x86_64 | 1.5.1 | 26.00 | 120.00 | 146.00 | OK |
Version: 1.5.1
Check: compiled code
Result: NOTE
File ‘bigrquery/libs/bigrquery.so’:
Found non-API calls to R: ‘SETLENGTH’, ‘SET_GROWABLE_BIT’,
‘SET_TRUELENGTH’
Compiled code should not call non-API entry points in R.
See ‘Writing portable packages’ in the ‘Writing R Extensions’ manual.
Flavors: r-devel-linux-x86_64-debian-clang, r-devel-linux-x86_64-fedora-clang, r-devel-linux-x86_64-fedora-gcc
Version: 1.5.1
Check: compiled code
Result: NOTE
File ‘bigrquery/libs/bigrquery.so’:
Found non-API calls to R: ‘SETLENGTH’, ‘SET_GROWABLE_BIT’,
‘SET_TRUELENGTH’
Compiled code should not call non-API entry points in R.
See ‘Writing portable packages’ in the ‘Writing R Extensions’ manual.
See section ‘Moving into C API compliance’ in the ‘Writing R
Extensions’ manual for issues with use of non-API entry points.
Flavor: r-devel-linux-x86_64-debian-gcc
Version: 1.5.1
Check: compiled code
Result: NOTE
File 'bigrquery/libs/x64/bigrquery.dll':
Found non-API calls to R: 'SETLENGTH', 'SET_GROWABLE_BIT',
'SET_TRUELENGTH'
Compiled code should not call non-API entry points in R.
See 'Writing portable packages' in the 'Writing R Extensions' manual.
Flavor: r-devel-windows-x86_64