Last updated on 2024-06-27 16:49:00 CEST.
Flavor | Version | Tinstall | Tcheck | Ttotal | Status | Flags |
---|---|---|---|---|---|---|
r-devel-linux-x86_64-debian-clang | 0.2.1 | NOTE | ||||
r-devel-linux-x86_64-debian-gcc | 0.2.1 | 6.65 | 36.92 | 43.57 | NOTE | |
r-devel-linux-x86_64-fedora-clang | 0.2.1 | 74.07 | NOTE | |||
r-devel-linux-x86_64-fedora-gcc | 0.2.1 | 69.11 | NOTE | |||
r-devel-windows-x86_64 | 0.2.1 | 7.00 | 65.00 | 72.00 | NOTE | |
r-patched-linux-x86_64 | 0.2.1 | 8.31 | 46.86 | 55.17 | NOTE | |
r-release-linux-x86_64 | 0.2.1 | 7.56 | 46.79 | 54.35 | NOTE | |
r-release-macos-arm64 | 0.2.1 | 29.00 | NOTE | |||
r-release-macos-x86_64 | 0.2.1 | 45.00 | NOTE | |||
r-release-windows-x86_64 | 0.2.1 | 8.00 | 68.00 | 76.00 | NOTE | |
r-oldrel-macos-arm64 | 0.2.1 | 30.00 | OK | |||
r-oldrel-macos-x86_64 | 0.2.1 | 42.00 | OK | |||
r-oldrel-windows-x86_64 | 0.2.1 | 10.00 | 72.00 | 82.00 | OK |
Version: 0.2.1
Check: Rd files
Result: NOTE
checkRd: (-1) bggCollection.Rd:63-64: Lost braces in \itemize; meant \describe ?
checkRd: (-1) bggCollection.Rd:65-67: Lost braces in \itemize; meant \describe ?
checkRd: (-1) bggCollection.Rd:68-69: Lost braces in \itemize; meant \describe ?
checkRd: (-1) bggCollection.Rd:70-73: Lost braces in \itemize; meant \describe ?
checkRd: (-1) bggCollection.Rd:74-76: Lost braces in \itemize; meant \describe ?
checkRd: (-1) bggCollection.Rd:77-80: Lost braces in \itemize; meant \describe ?
checkRd: (-1) bggGames.Rd:68-69: Lost braces in \itemize; meant \describe ?
checkRd: (-1) bggGames.Rd:70-72: Lost braces in \itemize; meant \describe ?
checkRd: (-1) bggSearch.Rd:66-67: Lost braces in \itemize; meant \describe ?
checkRd: (-1) bggSearch.Rd:68-71: Lost braces in \itemize; meant \describe ?
checkRd: (-1) bggSearch.Rd:72-73: Lost braces in \itemize; meant \describe ?
Flavors: r-devel-linux-x86_64-debian-clang, r-devel-linux-x86_64-debian-gcc, r-devel-linux-x86_64-fedora-clang, r-devel-linux-x86_64-fedora-gcc, r-devel-windows-x86_64, r-patched-linux-x86_64, r-release-linux-x86_64, r-release-macos-arm64, r-release-macos-x86_64, r-release-windows-x86_64