Last updated on 2024-06-27 16:49:00 CEST.
Flavor | Version | Tinstall | Tcheck | Ttotal | Status | Flags |
---|---|---|---|---|---|---|
r-devel-linux-x86_64-debian-clang | 1.99.3 | OK | ||||
r-devel-linux-x86_64-debian-gcc | 1.99.3 | 9.19 | 82.98 | 92.17 | OK | |
r-devel-linux-x86_64-fedora-clang | 1.99.3 | 150.38 | NOTE | |||
r-devel-linux-x86_64-fedora-gcc | 1.99.3 | 154.46 | NOTE | |||
r-devel-windows-x86_64 | 1.99.3 | 10.00 | 87.00 | 97.00 | OK | |
r-patched-linux-x86_64 | 1.99.3 | 17.80 | 105.14 | 122.94 | OK | |
r-release-linux-x86_64 | 1.99.3 | 10.66 | 103.41 | 114.07 | OK | |
r-release-macos-arm64 | 1.99.3 | 52.00 | OK | |||
r-release-macos-x86_64 | 1.99.3 | 87.00 | OK | |||
r-release-windows-x86_64 | 1.99.3 | 12.00 | 89.00 | 101.00 | OK | |
r-oldrel-macos-arm64 | 1.99.3 | 52.00 | OK | |||
r-oldrel-macos-x86_64 | 1.99.3 | 120.00 | OK | |||
r-oldrel-windows-x86_64 | 1.99.3 | 14.00 | 109.00 | 123.00 | OK |
Version: 1.99.3
Check: data for non-ASCII characters
Result: NOTE
Note: found 379 marked UTF-8 strings
Flavors: r-devel-linux-x86_64-fedora-clang, r-devel-linux-x86_64-fedora-gcc