Last updated on 2024-06-21 09:55:39 CEST.
Flavor | Version | Tinstall | Tcheck | Ttotal | Status | Flags |
---|---|---|---|---|---|---|
r-devel-linux-x86_64-debian-clang | 1.3-8 | 6.93 | 91.86 | 98.79 | NOTE | |
r-devel-linux-x86_64-debian-gcc | 1.3-8 | 4.79 | 68.91 | 73.70 | NOTE | |
r-devel-linux-x86_64-fedora-clang | 1.3-8 | 127.13 | NOTE | |||
r-devel-linux-x86_64-fedora-gcc | 1.3-8 | 133.43 | NOTE | |||
r-devel-windows-x86_64 | 1.3-8 | 7.00 | 90.00 | 97.00 | NOTE | |
r-patched-linux-x86_64 | 1.3-8 | 9.08 | 89.23 | 98.31 | NOTE | |
r-release-linux-x86_64 | 1.3-8 | 8.23 | 88.85 | 97.08 | NOTE | |
r-release-macos-arm64 | 1.3-8 | 45.00 | NOTE | |||
r-release-macos-x86_64 | 1.3-8 | 85.00 | NOTE | |||
r-release-windows-x86_64 | 1.3-8 | 7.00 | 93.00 | 100.00 | NOTE | |
r-oldrel-macos-arm64 | 1.3-8 | 44.00 | OK | |||
r-oldrel-macos-x86_64 | 1.3-8 | 64.00 | OK | |||
r-oldrel-windows-x86_64 | 1.3-8 | 9.00 | 107.00 | 116.00 | OK |
Version: 1.3-8
Check: Rd files
Result: NOTE
checkRd: (-1) hill.Rd:39: Lost braces; missing escapes or markup?
39 | \code{a} in {0, 1, 2} (see details))}
| ^
checkRd: (-1) read_ambi.Rd:22: Lost braces in \itemize; meant \describe ?
checkRd: (-1) read_ambi.Rd:23-24: Lost braces in \itemize; meant \describe ?
checkRd: (-1) read_iti.Rd:39: Lost braces in \itemize; meant \describe ?
checkRd: (-1) read_iti.Rd:40: Lost braces in \itemize; meant \describe ?
checkRd: (-1) read_iti.Rd:41: Lost braces in \itemize; meant \describe ?
checkRd: (-1) read_iti.Rd:42: Lost braces in \itemize; meant \describe ?
checkRd: (-1) read_taxa.Rd:26: Lost braces in \itemize; meant \describe ?
checkRd: (-1) read_taxa.Rd:27: Lost braces in \itemize; meant \describe ?
checkRd: (-1) read_taxa.Rd:28: Lost braces in \itemize; meant \describe ?
checkRd: (-1) read_taxa.Rd:29: Lost braces in \itemize; meant \describe ?
checkRd: (-1) read_twn.Rd:36: Lost braces in \itemize; meant \describe ?
checkRd: (-1) read_twn.Rd:37: Lost braces in \itemize; meant \describe ?
checkRd: (-1) read_twn.Rd:38: Lost braces in \itemize; meant \describe ?
checkRd: (-1) read_twn.Rd:23: Lost braces in \itemize; \value handles \item{}{} directly
checkRd: (-1) read_twn.Rd:24: Lost braces in \itemize; \value handles \item{}{} directly
checkRd: (-1) read_twn.Rd:25: Lost braces in \itemize; \value handles \item{}{} directly
checkRd: (-1) read_twn.Rd:26: Lost braces in \itemize; \value handles \item{}{} directly
Flavors: r-devel-linux-x86_64-debian-clang, r-devel-linux-x86_64-debian-gcc, r-devel-linux-x86_64-fedora-clang, r-devel-linux-x86_64-fedora-gcc, r-devel-windows-x86_64, r-patched-linux-x86_64, r-release-linux-x86_64, r-release-macos-arm64, r-release-macos-x86_64, r-release-windows-x86_64