Last updated on 2024-07-13 05:49:08 CEST.
Flavor | Version | Tinstall | Tcheck | Ttotal | Status | Flags |
---|---|---|---|---|---|---|
r-devel-linux-x86_64-debian-clang | 1.1.4 | 47.17 | 413.11 | 460.28 | OK | |
r-devel-linux-x86_64-debian-gcc | 1.1.4 | 29.24 | 291.57 | 320.81 | OK | |
r-devel-linux-x86_64-fedora-clang | 1.1.4 | 554.55 | NOTE | |||
r-devel-linux-x86_64-fedora-gcc | 1.1.4 | 530.30 | OK | |||
r-devel-windows-x86_64 | 1.1.4 | 28.00 | 254.00 | 282.00 | NOTE | |
r-patched-linux-x86_64 | 1.1.4 | 32.87 | 350.86 | 383.73 | OK | |
r-release-linux-x86_64 | 1.1.4 | 25.65 | 288.71 | 314.36 | OK | |
r-release-macos-arm64 | 1.1.4 | 137.00 | NOTE | |||
r-release-macos-x86_64 | 1.1.4 | 254.00 | NOTE | |||
r-release-windows-x86_64 | 1.1.4 | 30.00 | 251.00 | 281.00 | NOTE | |
r-oldrel-macos-arm64 | 1.1.4 | 164.00 | NOTE | |||
r-oldrel-macos-x86_64 | 1.1.4 | 329.00 | NOTE | |||
r-oldrel-windows-x86_64 | 1.1.4 | 40.00 | 342.00 | 382.00 | NOTE |
Version: 1.1.4
Check: installed package size
Result: NOTE
installed size is 5.2Mb
sub-directories of 1Mb or more:
doc 3.6Mb
extdata 1.2Mb
Flavors: r-devel-linux-x86_64-fedora-clang, r-devel-windows-x86_64, r-release-macos-arm64, r-release-macos-x86_64, r-release-windows-x86_64, r-oldrel-macos-arm64, r-oldrel-macos-x86_64, r-oldrel-windows-x86_64