Last updated on 2024-06-27 16:49:00 CEST.
Flavor | Version | Tinstall | Tcheck | Ttotal | Status | Flags |
---|---|---|---|---|---|---|
r-devel-linux-x86_64-debian-clang | 1.0.1 | NOTE | ||||
r-devel-linux-x86_64-debian-gcc | 1.0.1 | 722.70 | 384.30 | 1107.00 | NOTE | |
r-devel-linux-x86_64-fedora-clang | 1.0.1 | 1519.03 | NOTE | |||
r-devel-linux-x86_64-fedora-gcc | 1.0.1 | 2037.44 | NOTE | |||
r-devel-windows-x86_64 | 1.0.1 | 606.00 | 372.00 | 978.00 | NOTE | |
r-patched-linux-x86_64 | 1.0.1 | 586.07 | 439.51 | 1025.58 | NOTE | |
r-release-linux-x86_64 | 1.0.1 | 632.67 | 488.16 | 1120.83 | NOTE | |
r-release-macos-arm64 | 1.0.1 | 420.00 | NOTE | |||
r-release-macos-x86_64 | 1.0.1 | 610.00 | NOTE | |||
r-release-windows-x86_64 | 1.0.1 | 626.00 | 386.00 | 1012.00 | NOTE | |
r-oldrel-macos-arm64 | 1.0.1 | 364.00 | NOTE | |||
r-oldrel-macos-x86_64 | 1.0.1 | 568.00 | NOTE | |||
r-oldrel-windows-x86_64 | 1.0.1 | 812.00 | 485.00 | 1297.00 | NOTE |
Version: 1.0.1
Check: for GNU extensions in Makefiles
Result: NOTE
GNU make is a SystemRequirements.
Flavors: r-devel-linux-x86_64-debian-clang, r-devel-linux-x86_64-debian-gcc, r-devel-linux-x86_64-fedora-clang, r-devel-linux-x86_64-fedora-gcc, r-devel-windows-x86_64, r-patched-linux-x86_64, r-release-linux-x86_64, r-release-macos-arm64, r-release-macos-x86_64, r-release-windows-x86_64, r-oldrel-macos-arm64, r-oldrel-macos-x86_64, r-oldrel-windows-x86_64
Version: 1.0.1
Check: installed package size
Result: NOTE
installed size is 9.5Mb
sub-directories of 1Mb or more:
libs 8.0Mb
Flavors: r-devel-linux-x86_64-fedora-clang, r-devel-windows-x86_64, r-release-macos-arm64, r-release-macos-x86_64, r-release-windows-x86_64, r-oldrel-macos-arm64, r-oldrel-macos-x86_64, r-oldrel-windows-x86_64
Version: 1.0.1
Check: dependencies in R code
Result: NOTE
Namespaces in Imports field not imported from:
‘RcppParallel’ ‘StanHeaders’ ‘astsa’
All declared Imports should be used.
Flavors: r-devel-linux-x86_64-fedora-clang, r-devel-linux-x86_64-fedora-gcc