Last updated on 2024-06-21 15:52:47 CEST.
Flavor | Version | Tinstall | Tcheck | Ttotal | Status | Flags |
---|---|---|---|---|---|---|
r-devel-linux-x86_64-debian-clang | 1.3.3 | 869.12 | 475.96 | 1345.08 | NOTE | |
r-devel-linux-x86_64-debian-gcc | 1.3.3 | 680.02 | 419.14 | 1099.16 | NOTE | |
r-devel-linux-x86_64-fedora-clang | 1.3.3 | 1544.88 | NOTE | |||
r-devel-linux-x86_64-fedora-gcc | 1.3.3 | 1998.11 | NOTE | |||
r-devel-windows-x86_64 | 1.3.3 | 564.00 | 416.00 | 980.00 | NOTE | |
r-patched-linux-x86_64 | 1.3.3 | 556.54 | 496.05 | 1052.59 | NOTE | |
r-release-linux-x86_64 | 1.3.3 | 0.02 | 2.83 | 2.85 | ERROR | |
r-release-macos-arm64 | 1.3.3 | 391.00 | NOTE | |||
r-release-macos-x86_64 | 1.3.3 | 825.00 | NOTE | |||
r-release-windows-x86_64 | 1.3.3 | 537.00 | 434.00 | 971.00 | NOTE | |
r-oldrel-macos-arm64 | 1.3.3 | 402.00 | NOTE | |||
r-oldrel-macos-x86_64 | 1.3.3 | 694.00 | NOTE | |||
r-oldrel-windows-x86_64 | 1.3.3 | 772.00 | 538.00 | 1310.00 | NOTE |
Version: 1.3.3
Check: for GNU extensions in Makefiles
Result: NOTE
GNU make is a SystemRequirements.
Flavors: r-devel-linux-x86_64-debian-clang, r-devel-linux-x86_64-debian-gcc, r-devel-linux-x86_64-fedora-clang, r-devel-linux-x86_64-fedora-gcc, r-devel-windows-x86_64, r-patched-linux-x86_64, r-release-macos-arm64, r-release-macos-x86_64, r-release-windows-x86_64, r-oldrel-macos-arm64, r-oldrel-macos-x86_64, r-oldrel-windows-x86_64
Version: 1.3.3
Check: installed package size
Result: NOTE
installed size is 9.8Mb
sub-directories of 1Mb or more:
doc 1.0Mb
libs 8.2Mb
Flavors: r-devel-linux-x86_64-fedora-clang, r-devel-windows-x86_64, r-release-macos-arm64, r-release-macos-x86_64, r-release-windows-x86_64, r-oldrel-macos-arm64, r-oldrel-macos-x86_64, r-oldrel-windows-x86_64
Version: 1.3.3
Check: dependencies in R code
Result: NOTE
Namespace in Imports field not imported from: ‘rstantools’
All declared Imports should be used.
Flavors: r-devel-linux-x86_64-fedora-clang, r-devel-linux-x86_64-fedora-gcc
Version: 1.3.3
Check: whether package can be installed
Result: ERROR
Installation failed.
Flavor: r-release-linux-x86_64