Last updated on 2024-06-27 10:49:26 CEST.
Flavor | Version | Tinstall | Tcheck | Ttotal | Status | Flags |
---|---|---|---|---|---|---|
r-devel-linux-x86_64-debian-clang | 0.2.1 | OK | ||||
r-devel-linux-x86_64-debian-gcc | 0.2.1 | 46.34 | 50.58 | 96.92 | OK | |
r-devel-linux-x86_64-fedora-clang | 0.2.1 | 190.47 | OK | |||
r-devel-linux-x86_64-fedora-gcc | 0.2.1 | 185.79 | OK | |||
r-devel-windows-x86_64 | 0.2.1 | 54.00 | 88.00 | 142.00 | NOTE | |
r-patched-linux-x86_64 | 0.2.1 | 57.41 | 65.59 | 123.00 | OK | |
r-release-linux-x86_64 | 0.2.1 | 43.65 | 65.76 | 109.41 | OK | |
r-release-macos-arm64 | 0.2.1 | 47.00 | NOTE | |||
r-release-macos-x86_64 | 0.2.1 | 81.00 | NOTE | |||
r-release-windows-x86_64 | 0.2.1 | 58.00 | 92.00 | 150.00 | NOTE | |
r-oldrel-macos-arm64 | 0.2.1 | 51.00 | NOTE | |||
r-oldrel-macos-x86_64 | 0.2.1 | 92.00 | NOTE | |||
r-oldrel-windows-x86_64 | 0.2.1 | 69.00 | 104.00 | 173.00 | NOTE |
Version: 0.2.1
Check: installed package size
Result: NOTE
installed size is 5.4Mb
sub-directories of 1Mb or more:
extdata 4.1Mb
libs 1.2Mb
Flavors: r-devel-windows-x86_64, r-release-macos-arm64, r-release-macos-x86_64, r-release-windows-x86_64, r-oldrel-macos-arm64, r-oldrel-macos-x86_64, r-oldrel-windows-x86_64