Last updated on 2024-07-13 11:49:08 CEST.
Flavor | Version | Tinstall | Tcheck | Ttotal | Status | Flags |
---|---|---|---|---|---|---|
r-devel-linux-x86_64-debian-clang | 1.2.12 | 744.91 | 412.94 | 1157.85 | NOTE | |
r-devel-linux-x86_64-debian-gcc | 1.2.12 | 603.47 | 359.77 | 963.24 | NOTE | |
r-devel-linux-x86_64-fedora-clang | 1.2.12 | 1405.57 | NOTE | |||
r-devel-linux-x86_64-fedora-gcc | 1.2.12 | 1625.59 | NOTE | |||
r-devel-windows-x86_64 | 1.2.12 | 541.00 | 396.00 | 937.00 | NOTE | |
r-patched-linux-x86_64 | 1.2.12 | 0.02 | 2.99 | 3.01 | ERROR | |
r-release-linux-x86_64 | 1.2.12 | 568.04 | 475.38 | 1043.42 | NOTE | |
r-release-macos-arm64 | 1.2.12 | 347.00 | NOTE | |||
r-release-macos-x86_64 | 1.2.12 | 435.00 | NOTE | |||
r-release-windows-x86_64 | 1.2.12 | 535.00 | 400.00 | 935.00 | NOTE | |
r-oldrel-macos-arm64 | 1.2.12 | 348.00 | NOTE | |||
r-oldrel-macos-x86_64 | 1.2.12 | 485.00 | NOTE | |||
r-oldrel-windows-x86_64 | 1.2.12 | 720.00 | 486.00 | 1206.00 | NOTE |
Version: 1.2.12
Check: for GNU extensions in Makefiles
Result: NOTE
GNU make is a SystemRequirements.
Flavors: r-devel-linux-x86_64-debian-clang, r-devel-linux-x86_64-debian-gcc, r-devel-linux-x86_64-fedora-clang, r-devel-linux-x86_64-fedora-gcc, r-devel-windows-x86_64, r-release-linux-x86_64, r-release-macos-arm64, r-release-macos-x86_64, r-release-windows-x86_64, r-oldrel-macos-arm64, r-oldrel-macos-x86_64, r-oldrel-windows-x86_64
Version: 1.2.12
Check: installed package size
Result: NOTE
installed size is 10.0Mb
sub-directories of 1Mb or more:
doc 1.9Mb
libs 6.5Mb
Flavors: r-devel-linux-x86_64-fedora-clang, r-devel-windows-x86_64, r-release-macos-arm64, r-release-macos-x86_64, r-release-windows-x86_64, r-oldrel-macos-arm64, r-oldrel-macos-x86_64, r-oldrel-windows-x86_64
Version: 1.2.12
Check: whether package can be installed
Result: ERROR
Installation failed.
Flavor: r-patched-linux-x86_64