Last updated on 2024-06-21 15:52:47 CEST.
Flavor | Version | Tinstall | Tcheck | Ttotal | Status | Flags |
---|---|---|---|---|---|---|
r-devel-linux-x86_64-debian-clang | 0.1.0 | 8.03 | 157.83 | 165.86 | OK | |
r-devel-linux-x86_64-debian-gcc | 0.1.0 | 6.02 | 111.36 | 117.38 | OK | |
r-devel-linux-x86_64-fedora-clang | 0.1.0 | 202.25 | NOTE | |||
r-devel-linux-x86_64-fedora-gcc | 0.1.0 | 207.91 | NOTE | |||
r-devel-windows-x86_64 | 0.1.0 | 7.00 | 112.00 | 119.00 | OK | |
r-patched-linux-x86_64 | 0.1.0 | 4.89 | 146.66 | 151.55 | OK | |
r-release-linux-x86_64 | 0.1.0 | 4.42 | 153.54 | 157.96 | OK | |
r-release-macos-arm64 | 0.1.0 | 59.00 | OK | |||
r-release-macos-x86_64 | 0.1.0 | 86.00 | OK | |||
r-release-windows-x86_64 | 0.1.0 | 7.00 | 112.00 | 119.00 | OK | |
r-oldrel-macos-arm64 | 0.1.0 | 61.00 | OK | |||
r-oldrel-macos-x86_64 | 0.1.0 | 105.00 | OK | |||
r-oldrel-windows-x86_64 | 0.1.0 | 9.00 | 148.00 | 157.00 | OK |
Version: 0.1.0
Check: dependencies in R code
Result: NOTE
Namespace in Imports field not imported from: ‘vtable’
All declared Imports should be used.
Flavors: r-devel-linux-x86_64-fedora-clang, r-devel-linux-x86_64-fedora-gcc