Last updated on 2024-06-21 15:52:47 CEST.
Flavor | Version | Tinstall | Tcheck | Ttotal | Status | Flags |
---|---|---|---|---|---|---|
r-devel-linux-x86_64-debian-clang | 0.4 | 8.51 | 62.45 | 70.96 | NOTE | |
r-devel-linux-x86_64-debian-gcc | 0.4 | 5.04 | 46.57 | 51.61 | NOTE | |
r-devel-linux-x86_64-fedora-clang | 0.4 | 90.97 | NOTE | |||
r-devel-linux-x86_64-fedora-gcc | 0.4 | 82.68 | NOTE | |||
r-devel-windows-x86_64 | 0.4 | 8.00 | 66.00 | 74.00 | NOTE | |
r-patched-linux-x86_64 | 0.4 | 15.09 | 58.58 | 73.67 | NOTE | |
r-release-linux-x86_64 | 0.4 | 6.36 | 61.16 | 67.52 | NOTE | |
r-release-macos-arm64 | 0.4 | 30.00 | NOTE | |||
r-release-macos-x86_64 | 0.4 | 45.00 | NOTE | |||
r-release-windows-x86_64 | 0.4 | 9.00 | 67.00 | 76.00 | NOTE | |
r-oldrel-macos-arm64 | 0.4 | 32.00 | OK | |||
r-oldrel-macos-x86_64 | 0.4 | 44.00 | OK | |||
r-oldrel-windows-x86_64 | 0.4 | 10.00 | 83.00 | 93.00 | OK |
Version: 0.4
Check: Rd files
Result: NOTE
checkRd: (-1) nfiMetrics.Rd:23: Lost braces
23 | code{(4)} the number of
| ^
Flavors: r-devel-linux-x86_64-debian-clang, r-devel-linux-x86_64-debian-gcc, r-devel-linux-x86_64-fedora-clang, r-devel-linux-x86_64-fedora-gcc, r-devel-windows-x86_64, r-patched-linux-x86_64, r-release-linux-x86_64, r-release-macos-arm64, r-release-macos-x86_64, r-release-windows-x86_64