Last updated on 2024-07-13 05:49:08 CEST.
Flavor | Version | Tinstall | Tcheck | Ttotal | Status | Flags |
---|---|---|---|---|---|---|
r-devel-linux-x86_64-debian-clang | 0.0.3 | 459.87 | 185.52 | 645.39 | NOTE | |
r-devel-linux-x86_64-debian-gcc | 0.0.3 | 395.82 | 168.07 | 563.89 | NOTE | |
r-devel-linux-x86_64-fedora-clang | 0.0.3 | 830.70 | NOTE | |||
r-devel-linux-x86_64-fedora-gcc | 0.0.3 | 1139.31 | NOTE | |||
r-devel-windows-x86_64 | 0.0.3 | 367.00 | 198.00 | 565.00 | NOTE | |
r-patched-linux-x86_64 | 0.0.3 | 0.02 | 2.73 | 2.75 | ERROR | |
r-release-linux-x86_64 | 0.0.3 | 0.01 | 2.64 | 2.65 | ERROR | |
r-release-macos-arm64 | 0.0.3 | 200.00 | NOTE | |||
r-release-macos-x86_64 | 0.0.3 | 238.00 | NOTE | |||
r-release-windows-x86_64 | 0.0.3 | 355.00 | 199.00 | 554.00 | NOTE | |
r-oldrel-macos-arm64 | 0.0.3 | 278.00 | NOTE | |||
r-oldrel-macos-x86_64 | 0.0.3 | 413.00 | NOTE | |||
r-oldrel-windows-x86_64 | 0.0.3 | 480.00 | 237.00 | 717.00 | NOTE |
Version: 0.0.3
Check: for GNU extensions in Makefiles
Result: NOTE
GNU make is a SystemRequirements.
Flavors: r-devel-linux-x86_64-debian-clang, r-devel-linux-x86_64-debian-gcc, r-devel-linux-x86_64-fedora-clang, r-devel-linux-x86_64-fedora-gcc, r-devel-windows-x86_64, r-release-macos-arm64, r-release-macos-x86_64, r-release-windows-x86_64, r-oldrel-macos-arm64, r-oldrel-macos-x86_64, r-oldrel-windows-x86_64
Version: 0.0.3
Check: installed package size
Result: NOTE
installed size is 6.1Mb
sub-directories of 1Mb or more:
data 1.1Mb
libs 4.2Mb
Flavors: r-devel-linux-x86_64-fedora-clang, r-devel-windows-x86_64, r-release-macos-arm64, r-release-macos-x86_64, r-release-windows-x86_64, r-oldrel-macos-arm64, r-oldrel-macos-x86_64, r-oldrel-windows-x86_64
Version: 0.0.3
Check: dependencies in R code
Result: NOTE
Namespaces in Imports field not imported from:
‘RcppParallel’ ‘rstantools’
All declared Imports should be used.
Flavors: r-devel-linux-x86_64-fedora-clang, r-devel-linux-x86_64-fedora-gcc
Version: 0.0.3
Check: Rd cross-references
Result: NOTE
Undeclared package ‘tidyselect’ in Rd xrefs
Flavor: r-devel-linux-x86_64-fedora-clang
Version: 0.0.3
Check: Rd cross-references
Result: NOTE
Found the following Rd file(s) with Rd \link{} targets missing package
anchors:
fit_lgmr.Rd: stan_model
infer_data_and_decision_model.Rd: sampling, tibble
Please provide package anchors for all Rd \link{} targets not in the
package itself and the base packages.
Flavor: r-devel-windows-x86_64
Version: 0.0.3
Check: whether package can be installed
Result: ERROR
Installation failed.
Flavors: r-patched-linux-x86_64, r-release-linux-x86_64