Last updated on 2024-06-21 15:52:48 CEST.
Flavor | Version | Tinstall | Tcheck | Ttotal | Status | Flags |
---|---|---|---|---|---|---|
r-devel-linux-x86_64-debian-clang | 2.0.0 | 28.33 | 353.98 | 382.31 | OK | |
r-devel-linux-x86_64-debian-gcc | 2.0.0 | 27.96 | 245.00 | 272.96 | OK | |
r-devel-linux-x86_64-fedora-clang | 2.0.0 | 499.95 | NOTE | |||
r-devel-linux-x86_64-fedora-gcc | 2.0.0 | 453.34 | NOTE | |||
r-devel-windows-x86_64 | 2.0.0 | 31.00 | 208.00 | 239.00 | OK | |
r-patched-linux-x86_64 | 2.0.0 | 33.39 | 329.65 | 363.04 | OK | |
r-release-linux-x86_64 | 2.0.0 | 32.53 | 332.15 | 364.68 | OK | |
r-release-macos-arm64 | 2.0.0 | 124.00 | OK | |||
r-release-macos-x86_64 | 2.0.0 | 210.00 | OK | |||
r-release-windows-x86_64 | 2.0.0 | 30.00 | 208.00 | 238.00 | OK | |
r-oldrel-macos-arm64 | 2.0.0 | 147.00 | OK | |||
r-oldrel-macos-x86_64 | 2.0.0 | 308.00 | OK | |||
r-oldrel-windows-x86_64 | 2.0.0 | 39.00 | 286.00 | 325.00 | OK |
Version: 2.0.0
Check: data for non-ASCII characters
Result: NOTE
Note: found 2487 marked UTF-8 strings
Flavors: r-devel-linux-x86_64-fedora-clang, r-devel-linux-x86_64-fedora-gcc