Last updated on 2024-06-27 16:49:00 CEST.
Flavor | Version | Tinstall | Tcheck | Ttotal | Status | Flags |
---|---|---|---|---|---|---|
r-devel-linux-x86_64-debian-clang | 1.4.3 | NOTE | ||||
r-devel-linux-x86_64-debian-gcc | 1.4.3 | 66.49 | 95.14 | 161.63 | NOTE | |
r-devel-linux-x86_64-fedora-clang | 1.4.3 | 279.66 | NOTE | |||
r-devel-linux-x86_64-fedora-gcc | 1.4.3 | 302.22 | NOTE | |||
r-devel-windows-x86_64 | 1.4.3 | 63.00 | 122.00 | 185.00 | NOTE | |
r-patched-linux-x86_64 | 1.4.3 | 82.50 | 122.15 | 204.65 | NOTE | |
r-release-linux-x86_64 | 1.4.3 | 85.02 | 123.94 | 208.96 | NOTE | |
r-release-macos-arm64 | 1.4.3 | 62.00 | NOTE | |||
r-release-macos-x86_64 | 1.4.3 | 106.00 | NOTE | |||
r-release-windows-x86_64 | 1.4.3 | 61.00 | 120.00 | 181.00 | NOTE | |
r-oldrel-macos-arm64 | 1.4.3 | 75.00 | NOTE | |||
r-oldrel-macos-x86_64 | 1.4.3 | 124.00 | NOTE | |||
r-oldrel-windows-x86_64 | 1.4.3 | 81.00 | 150.00 | 231.00 | NOTE |
Version: 1.4.3
Check: C++ specification
Result: NOTE
Specified C++11: please drop specification unless essential
Flavors: r-devel-linux-x86_64-debian-clang, r-devel-linux-x86_64-debian-gcc, r-devel-linux-x86_64-fedora-clang, r-devel-linux-x86_64-fedora-gcc, r-devel-windows-x86_64, r-patched-linux-x86_64, r-release-linux-x86_64, r-release-macos-arm64, r-release-macos-x86_64, r-release-windows-x86_64, r-oldrel-macos-arm64, r-oldrel-macos-x86_64, r-oldrel-windows-x86_64
Version: 1.4.3
Check: installed package size
Result: NOTE
installed size is 26.6Mb
sub-directories of 1Mb or more:
libs 26.4Mb
Flavors: r-release-macos-arm64, r-release-macos-x86_64, r-oldrel-macos-arm64, r-oldrel-macos-x86_64