Last updated on 2024-06-27 16:49:00 CEST.
Flavor | Version | Tinstall | Tcheck | Ttotal | Status | Flags |
---|---|---|---|---|---|---|
r-devel-linux-x86_64-debian-clang | 0.9.8.1 | NOTE | ||||
r-devel-linux-x86_64-debian-gcc | 0.9.8.1 | 39.76 | 195.89 | 235.65 | NOTE | |
r-devel-linux-x86_64-fedora-clang | 0.9.8.1 | 409.63 | NOTE | |||
r-devel-linux-x86_64-fedora-gcc | 0.9.8.1 | 390.99 | NOTE | |||
r-devel-windows-x86_64 | 0.9.8.1 | 40.00 | 179.00 | 219.00 | NOTE | |
r-patched-linux-x86_64 | 0.9.8.1 | 44.98 | 261.07 | 306.05 | NOTE | |
r-release-linux-x86_64 | 0.9.8.1 | 49.07 | 262.51 | 311.58 | NOTE | |
r-release-macos-arm64 | 0.9.8.1 | 87.00 | NOTE | |||
r-release-macos-x86_64 | 0.9.8.1 | 142.00 | NOTE | |||
r-release-windows-x86_64 | 0.9.8.1 | 42.00 | 187.00 | 229.00 | NOTE | |
r-oldrel-macos-arm64 | 0.9.8.1 | 87.00 | OK | |||
r-oldrel-macos-x86_64 | 0.9.8.1 | 221.00 | OK | |||
r-oldrel-windows-x86_64 | 0.9.8.1 | 56.00 | 241.00 | 297.00 | OK |
Version: 0.9.8.1
Check: Rd files
Result: NOTE
checkRd: (-1) ataCoKriging.Rd:52: Lost braces; missing escapes or markup?
52 | only one contrained condition for all points and all variables, \\sum_{i=1}^n\\lambda_i +\\sum_{j=1}^m\\beta_j =1, assuming expected means of variables known and constant with the study area.
| ^
checkRd: (-1) ataCoKriging.Rd:52: Lost braces; missing escapes or markup?
52 | only one contrained condition for all points and all variables, \\sum_{i=1}^n\\lambda_i +\\sum_{j=1}^m\\beta_j =1, assuming expected means of variables known and constant with the study area.
| ^
Flavors: r-devel-linux-x86_64-debian-clang, r-devel-linux-x86_64-debian-gcc, r-devel-linux-x86_64-fedora-clang, r-devel-linux-x86_64-fedora-gcc, r-devel-windows-x86_64, r-patched-linux-x86_64, r-release-linux-x86_64, r-release-macos-arm64, r-release-macos-x86_64, r-release-windows-x86_64