Last updated on 2024-07-13 05:49:08 CEST.
Flavor | Version | Tinstall | Tcheck | Ttotal | Status | Flags |
---|---|---|---|---|---|---|
r-devel-linux-x86_64-debian-clang | 0.0.5 | 11.77 | 103.13 | 114.90 | OK | |
r-devel-linux-x86_64-debian-gcc | 0.0.5 | 10.43 | 74.70 | 85.13 | OK | |
r-devel-linux-x86_64-fedora-clang | 0.0.5 | 145.27 | NOTE | |||
r-devel-linux-x86_64-fedora-gcc | 0.0.5 | 131.51 | OK | |||
r-devel-windows-x86_64 | 0.0.5 | 11.00 | 84.00 | 95.00 | OK | |
r-patched-linux-x86_64 | 0.0.5 | 12.52 | 98.14 | 110.66 | OK | |
r-release-linux-x86_64 | 0.0.5 | 12.01 | 94.87 | 106.88 | OK | |
r-release-macos-arm64 | 0.0.5 | 41.00 | OK | |||
r-release-macos-x86_64 | 0.0.5 | 60.00 | OK | |||
r-release-windows-x86_64 | 0.0.5 | 13.00 | 86.00 | 99.00 | OK | |
r-oldrel-macos-arm64 | 0.0.5 | 47.00 | OK | |||
r-oldrel-macos-x86_64 | 0.0.5 | 97.00 | OK | |||
r-oldrel-windows-x86_64 | 0.0.5 | 16.00 | 103.00 | 119.00 | OK |
Version: 0.0.5
Check: Rd cross-references
Result: NOTE
Undeclared package ‘lme4’ in Rd xrefs
Flavor: r-devel-linux-x86_64-fedora-clang