Last updated on 2024-07-13 11:49:07 CEST.
Flavor | Version | Tinstall | Tcheck | Ttotal | Status | Flags |
---|---|---|---|---|---|---|
r-devel-linux-x86_64-debian-clang | 2.0.0 | 23.75 | 516.04 | 539.79 | NOTE | |
r-devel-linux-x86_64-debian-gcc | 2.0.0 | 18.23 | 437.33 | 455.56 | NOTE | |
r-devel-linux-x86_64-fedora-clang | 2.0.0 | 657.87 | NOTE | |||
r-devel-linux-x86_64-fedora-gcc | 2.0.0 | 806.37 | NOTE | |||
r-devel-windows-x86_64 | 2.0.0 | 18.00 | 485.00 | 503.00 | NOTE | |
r-patched-linux-x86_64 | 2.0.0 | 30.43 | 574.82 | 605.25 | NOTE | |
r-release-linux-x86_64 | 2.0.0 | 15.82 | 577.01 | 592.83 | NOTE | |
r-release-macos-arm64 | 2.0.0 | 223.00 | NOTE | |||
r-release-macos-x86_64 | 2.0.0 | 422.00 | NOTE | |||
r-release-windows-x86_64 | 2.0.0 | 22.00 | 497.00 | 519.00 | NOTE | |
r-oldrel-macos-arm64 | 2.0.0 | 439.00 | OK | |||
r-oldrel-macos-x86_64 | 2.0.0 | 724.00 | OK | |||
r-oldrel-windows-x86_64 | 2.0.0 | 24.00 | 607.00 | 631.00 | OK |
Version: 2.0.0
Check: Rd files
Result: NOTE
checkRd: (-1) apc.indiv.est.model.Rd:142: Lost braces
142 | For model testing: \code{\link{apc.indiv.model.table}}, code{\link{apc.indiv.compare.direct}}, \code{\link{waldtest}}, \code{\link{linearHypothesis}}
| ^
Flavors: r-devel-linux-x86_64-debian-clang, r-devel-linux-x86_64-debian-gcc, r-devel-linux-x86_64-fedora-clang, r-devel-linux-x86_64-fedora-gcc, r-devel-windows-x86_64, r-patched-linux-x86_64, r-release-linux-x86_64, r-release-macos-arm64, r-release-macos-x86_64, r-release-windows-x86_64
Version: 2.0.0
Check: dependencies in R code
Result: NOTE
Namespaces in Imports field not imported from:
‘AER’ ‘ChainLadder’ ‘ISLR’ ‘ggplot2’
All declared Imports should be used.
Flavors: r-devel-linux-x86_64-fedora-clang, r-devel-linux-x86_64-fedora-gcc
Version: 2.0.0
Check: Rd cross-references
Result: NOTE
Found the following Rd file(s) with Rd \link{} targets missing package
anchors:
apc.indiv.compare.direct.Rd: plm
apc.indiv.est.model.Rd: plm, svyglm, waldtest, linearHypothesis
apc.indiv.model.table.Rd: plm, waldtest, linearHypothesis
apc.plot.data.level.Rd: levelplot, lattice
apc.plot.fit.residuals.Rd: levelplot, lattice
Please provide package anchors for all Rd \link{} targets not in the
package itself and the base packages.
Flavor: r-devel-windows-x86_64