Last updated on 2024-06-27 10:49:26 CEST.
Flavor | Version | Tinstall | Tcheck | Ttotal | Status | Flags |
---|---|---|---|---|---|---|
r-devel-linux-x86_64-debian-clang | 2.0.0 | NOTE | ||||
r-devel-linux-x86_64-debian-gcc | 2.0.0 | 17.20 | 433.08 | 450.28 | NOTE | |
r-devel-linux-x86_64-fedora-clang | 2.0.0 | 651.61 | NOTE | |||
r-devel-linux-x86_64-fedora-gcc | 2.0.0 | 722.45 | NOTE | |||
r-devel-windows-x86_64 | 2.0.0 | 19.00 | 493.00 | 512.00 | NOTE | |
r-patched-linux-x86_64 | 2.0.0 | 25.50 | 562.90 | 588.40 | NOTE | |
r-release-linux-x86_64 | 2.0.0 | 19.96 | 576.90 | 596.86 | NOTE | |
r-release-macos-arm64 | 2.0.0 | 223.00 | NOTE | |||
r-release-macos-x86_64 | 2.0.0 | 422.00 | NOTE | |||
r-release-windows-x86_64 | 2.0.0 | 20.00 | 496.00 | 516.00 | NOTE | |
r-oldrel-macos-arm64 | 2.0.0 | 439.00 | OK | |||
r-oldrel-macos-x86_64 | 2.0.0 | 724.00 | OK | |||
r-oldrel-windows-x86_64 | 2.0.0 | 25.00 | 598.00 | 623.00 | OK |
Version: 2.0.0
Check: Rd files
Result: NOTE
checkRd: (-1) apc.indiv.est.model.Rd:142: Lost braces
142 | For model testing: \code{\link{apc.indiv.model.table}}, code{\link{apc.indiv.compare.direct}}, \code{\link{waldtest}}, \code{\link{linearHypothesis}}
| ^
Flavors: r-devel-linux-x86_64-debian-clang, r-devel-linux-x86_64-debian-gcc, r-devel-linux-x86_64-fedora-clang, r-devel-linux-x86_64-fedora-gcc, r-devel-windows-x86_64, r-patched-linux-x86_64, r-release-linux-x86_64, r-release-macos-arm64, r-release-macos-x86_64, r-release-windows-x86_64
Version: 2.0.0
Check: dependencies in R code
Result: NOTE
Namespaces in Imports field not imported from:
‘AER’ ‘ChainLadder’ ‘ISLR’ ‘ggplot2’
All declared Imports should be used.
Flavors: r-devel-linux-x86_64-fedora-clang, r-devel-linux-x86_64-fedora-gcc