Last updated on 2024-07-13 11:49:07 CEST.
Flavor | Version | Tinstall | Tcheck | Ttotal | Status | Flags |
---|---|---|---|---|---|---|
r-devel-linux-x86_64-debian-clang | 1.3.3 | 5.52 | 52.63 | 58.15 | OK | |
r-devel-linux-x86_64-debian-gcc | 1.3.3 | 5.00 | 38.76 | 43.76 | OK | |
r-devel-linux-x86_64-fedora-clang | 1.3.3 | 73.68 | NOTE | |||
r-devel-linux-x86_64-fedora-gcc | 1.3.3 | 69.73 | OK | |||
r-devel-windows-x86_64 | 1.3.3 | 6.00 | 67.00 | 73.00 | OK | |
r-patched-linux-x86_64 | 1.3.3 | 7.00 | 49.39 | 56.39 | OK | |
r-release-linux-x86_64 | 1.3.3 | 5.63 | 49.91 | 55.54 | OK | |
r-release-macos-arm64 | 1.3.3 | 24.00 | OK | |||
r-release-macos-x86_64 | 1.3.3 | 39.00 | OK | |||
r-release-windows-x86_64 | 1.3.3 | 6.00 | 67.00 | 73.00 | OK | |
r-oldrel-macos-arm64 | 1.3.3 | 38.00 | OK | |||
r-oldrel-macos-x86_64 | 1.3.3 | 79.00 | OK | |||
r-oldrel-windows-x86_64 | 1.3.3 | 8.00 | 72.00 | 80.00 | OK |
Version: 1.3.3
Check: Rd cross-references
Result: NOTE
Undeclared packages ‘geepack’, ‘dispmod’ in Rd xrefs
Flavor: r-devel-linux-x86_64-fedora-clang