Last updated on 2024-07-13 05:49:07 CEST.
Flavor | Version | Tinstall | Tcheck | Ttotal | Status | Flags |
---|---|---|---|---|---|---|
r-devel-linux-x86_64-debian-clang | 2024.1.24 | 25.90 | 347.17 | 373.07 | NOTE | |
r-devel-linux-x86_64-debian-gcc | 2024.1.24 | 20.45 | 247.76 | 268.21 | NOTE | |
r-devel-linux-x86_64-fedora-clang | 2024.1.24 | 481.16 | NOTE | |||
r-devel-linux-x86_64-fedora-gcc | 2024.1.24 | 426.26 | NOTE | |||
r-devel-windows-x86_64 | 2024.1.24 | 23.00 | 287.00 | 310.00 | NOTE | |
r-patched-linux-x86_64 | 2024.1.24 | 34.06 | 327.47 | 361.53 | NOTE | |
r-release-linux-x86_64 | 2024.1.24 | 22.57 | 332.73 | 355.30 | NOTE | |
r-release-macos-arm64 | 2024.1.24 | 110.00 | OK | |||
r-release-macos-x86_64 | 2024.1.24 | 184.00 | OK | |||
r-release-windows-x86_64 | 2024.1.24 | 22.00 | 284.00 | 306.00 | NOTE | |
r-oldrel-macos-arm64 | 2024.1.24 | 116.00 | OK | |||
r-oldrel-macos-x86_64 | 2024.1.24 | 260.00 | OK | |||
r-oldrel-windows-x86_64 | 2024.1.24 | 30.00 | 367.00 | 397.00 | OK |
Version: 2024.1.24
Check: HTML version of manual
Result: NOTE
Found the following HTML validation problems:
stat_unique.html:110:1 (stat_unique.Rd:65): Warning: trimming empty <li>
stat_unique.html:109:1 (stat_unique.Rd:65): Warning: trimming empty <ul>
Flavors: r-devel-linux-x86_64-debian-clang, r-devel-linux-x86_64-debian-gcc, r-devel-linux-x86_64-fedora-clang, r-devel-linux-x86_64-fedora-gcc, r-devel-windows-x86_64, r-patched-linux-x86_64, r-release-linux-x86_64, r-release-windows-x86_64
Version: 2024.1.24
Check: Rd cross-references
Result: NOTE
Found the following Rd file(s) with Rd \link{} targets missing package
anchors:
ggplot_gtable.Rd: gtable
Please provide package anchors for all Rd \link{} targets not in the
package itself and the base packages.
Flavor: r-devel-windows-x86_64