Last updated on 2024-06-21 09:55:39 CEST.
Flavor | Version | Tinstall | Tcheck | Ttotal | Status | Flags |
---|---|---|---|---|---|---|
r-devel-linux-x86_64-debian-clang | 1.1.0 | 35.75 | 177.66 | 213.41 | OK | |
r-devel-linux-x86_64-debian-gcc | 1.1.0 | 24.17 | 129.41 | 153.58 | OK | |
r-devel-linux-x86_64-fedora-clang | 1.1.0 | 273.70 | NOTE | |||
r-devel-linux-x86_64-fedora-gcc | 1.1.0 | 269.76 | NOTE | |||
r-devel-windows-x86_64 | 1.1.0 | 31.00 | 148.00 | 179.00 | OK | |
r-patched-linux-x86_64 | 1.1.0 | 24.38 | 167.10 | 191.48 | OK | |
r-release-linux-x86_64 | 1.1.0 | 24.77 | 169.01 | 193.78 | OK | |
r-release-macos-arm64 | 1.1.0 | 78.00 | OK | |||
r-release-macos-x86_64 | 1.1.0 | 111.00 | OK | |||
r-release-windows-x86_64 | 1.1.0 | 31.00 | 153.00 | 184.00 | OK | |
r-oldrel-macos-arm64 | 1.1.0 | 84.00 | OK | |||
r-oldrel-macos-x86_64 | 1.1.0 | 138.00 | OK | |||
r-oldrel-windows-x86_64 | 1.1.0 | 42.00 | 185.00 | 227.00 | OK |
Version: 1.1.0
Check: dependencies in R code
Result: NOTE
Namespace in Imports field not imported from: ‘kernlab’
All declared Imports should be used.
Flavors: r-devel-linux-x86_64-fedora-clang, r-devel-linux-x86_64-fedora-gcc