Last updated on 2024-07-13 05:49:07 CEST.
Flavor | Version | Tinstall | Tcheck | Ttotal | Status | Flags |
---|---|---|---|---|---|---|
r-devel-linux-x86_64-debian-clang | 0.8-19 | 11.34 | 37.85 | 49.19 | OK | |
r-devel-linux-x86_64-debian-gcc | 0.8-19 | 7.78 | 29.44 | 37.22 | OK | |
r-devel-linux-x86_64-fedora-clang | 0.8-19 | 61.27 | OK | |||
r-devel-linux-x86_64-fedora-gcc | 0.8-19 | 75.80 | OK | |||
r-devel-windows-x86_64 | 0.8-19 | 14.00 | 71.00 | 85.00 | OK | |
r-patched-linux-x86_64 | 0.8-19 | 11.25 | 36.33 | 47.58 | OK | |
r-release-linux-x86_64 | 0.8-19 | 9.54 | 35.64 | 45.18 | OK | |
r-release-macos-arm64 | 0.8-19 | 29.00 | OK | |||
r-release-macos-x86_64 | 0.8-19 | 42.00 | OK | |||
r-release-windows-x86_64 | 0.8-19 | 14.00 | 69.00 | 83.00 | OK | |
r-oldrel-macos-arm64 | 0.8-19 | 30.00 | OK | |||
r-oldrel-macos-x86_64 | 0.8-19 | 37.00 | NOTE | |||
r-oldrel-windows-x86_64 | 0.8-19 | 17.00 | 68.00 | 85.00 | OK |
Version: 0.8-19
Check: package dependencies
Result: NOTE
Package suggested but not available for checking: ‘Biobase’
Flavor: r-oldrel-macos-x86_64