Last updated on 2024-08-10 16:48:51 CEST.
Flavor | Version | Tinstall | Tcheck | Ttotal | Status | Flags |
---|---|---|---|---|---|---|
r-devel-linux-x86_64-debian-clang | 0.1.0 | 5.10 | 22.95 | 28.05 | OK | |
r-devel-linux-x86_64-debian-gcc | 0.1.0 | 3.56 | 18.08 | 21.64 | OK | |
r-devel-linux-x86_64-fedora-clang | 0.1.0 | 43.55 | NOTE | |||
r-devel-linux-x86_64-fedora-gcc | 0.1.0 | 43.03 | NOTE | |||
r-devel-windows-x86_64 | 0.1.0 | 6.00 | 46.00 | 52.00 | OK | |
r-patched-linux-x86_64 | 0.1.0 | 5.35 | 22.30 | 27.65 | OK | |
r-release-linux-x86_64 | 0.1.0 | 5.14 | 22.49 | 27.63 | OK | |
r-release-macos-arm64 | 0.1.0 | 19.00 | OK | |||
r-release-macos-x86_64 | 0.1.0 | 29.00 | OK | |||
r-release-windows-x86_64 | 0.1.0 | 6.00 | 44.00 | 50.00 | OK | |
r-oldrel-macos-arm64 | 0.1.0 | 23.00 | OK | |||
r-oldrel-macos-x86_64 | 0.1.0 | 31.00 | OK | |||
r-oldrel-windows-x86_64 | 0.1.0 | 10.00 | 48.00 | 58.00 | OK |
Version: 0.1.0
Check: data for non-ASCII characters
Result: NOTE
Note: found 171 marked UTF-8 strings
Flavors: r-devel-linux-x86_64-fedora-clang, r-devel-linux-x86_64-fedora-gcc