Last updated on 2024-06-27 16:48:59 CEST.
Flavor | Version | Tinstall | Tcheck | Ttotal | Status | Flags |
---|---|---|---|---|---|---|
r-devel-linux-x86_64-debian-clang | 1.0.0 | NOTE | ||||
r-devel-linux-x86_64-debian-gcc | 1.0.0 | 1.26 | 19.28 | 20.54 | NOTE | |
r-devel-linux-x86_64-fedora-clang | 1.0.0 | 34.80 | NOTE | |||
r-devel-linux-x86_64-fedora-gcc | 1.0.0 | 33.23 | NOTE | |||
r-devel-windows-x86_64 | 1.0.0 | 3.00 | 41.00 | 44.00 | NOTE | |
r-patched-linux-x86_64 | 1.0.0 | 2.12 | 24.05 | 26.17 | NOTE | |
r-release-linux-x86_64 | 1.0.0 | 2.06 | 24.72 | 26.78 | NOTE | |
r-release-macos-arm64 | 1.0.0 | 16.00 | NOTE | |||
r-release-macos-x86_64 | 1.0.0 | 22.00 | NOTE | |||
r-release-windows-x86_64 | 1.0.0 | 3.00 | 41.00 | 44.00 | NOTE | |
r-oldrel-macos-arm64 | 1.0.0 | 21.00 | OK | |||
r-oldrel-macos-x86_64 | 1.0.0 | 21.00 | OK | |||
r-oldrel-windows-x86_64 | 1.0.0 | 4.00 | 42.00 | 46.00 | OK |
Version: 1.0.0
Check: Rd files
Result: NOTE
checkRd: (-1) aimPlot.Rd:39: Lost braces; missing escapes or markup?
39 | \item \code{Variable} {1st column: The various aims to be completed}
| ^
checkRd: (-1) aimPlot.Rd:40: Lost braces; missing escapes or markup?
40 | \item \code{Percentage} {2nd column: The percentage of completeness}
| ^
Flavors: r-devel-linux-x86_64-debian-clang, r-devel-linux-x86_64-debian-gcc, r-devel-linux-x86_64-fedora-clang, r-devel-linux-x86_64-fedora-gcc, r-devel-windows-x86_64, r-patched-linux-x86_64, r-release-linux-x86_64, r-release-macos-arm64, r-release-macos-x86_64, r-release-windows-x86_64