Last updated on 2024-07-13 11:49:07 CEST.
Flavor | Version | Tinstall | Tcheck | Ttotal | Status | Flags |
---|---|---|---|---|---|---|
r-devel-linux-x86_64-debian-clang | 0.1.0 | 88.38 | 163.61 | 251.99 | NOTE | |
r-devel-linux-x86_64-debian-gcc | 0.1.0 | 62.81 | 121.48 | 184.29 | NOTE | |
r-devel-linux-x86_64-fedora-clang | 0.1.0 | 328.26 | NOTE | |||
r-devel-linux-x86_64-fedora-gcc | 0.1.0 | 336.68 | NOTE | |||
r-devel-windows-x86_64 | 0.1.0 | 69.00 | 163.00 | 232.00 | NOTE | |
r-patched-linux-x86_64 | 0.1.0 | 75.57 | 151.39 | 226.96 | NOTE | |
r-release-linux-x86_64 | 0.1.0 | 73.24 | 155.72 | 228.96 | NOTE | |
r-release-macos-arm64 | 0.1.0 | 81.00 | NOTE | |||
r-release-macos-x86_64 | 0.1.0 | 117.00 | NOTE | |||
r-release-windows-x86_64 | 0.1.0 | 70.00 | 153.00 | 223.00 | NOTE | |
r-oldrel-macos-arm64 | 0.1.0 | 99.00 | NOTE | |||
r-oldrel-macos-x86_64 | 0.1.0 | 134.00 | NOTE | |||
r-oldrel-windows-x86_64 | 0.1.0 | 84.00 | 200.00 | 284.00 | OK |
Version: 0.1.0
Check: Rd files
Result: NOTE
checkRd: (-1) CalOptimalDecision.Rd:45: Lost braces; missing escapes or markup?
45 | A \code{data.frame} of (1) the probability that the optimal decision for each observation being d in {0,1,...,k}, (2) expected utility of binary version of judge's decision (g_d), (3) expected utility of binary DMF recommendation, and (4) the difference between (2) and (3). If \code{include.utility.diff.mcmc = TRUE}, returns a list of such \code{data.frame} and a \code{data.frame} that includes the result for mean and quantile of \code{Utility.diff.control.mcmc} and \code{Utility.diff.treated.mcmc} across mcmc samples.
| ^
Flavors: r-devel-linux-x86_64-debian-clang, r-devel-linux-x86_64-debian-gcc, r-devel-linux-x86_64-fedora-clang, r-devel-linux-x86_64-fedora-gcc, r-devel-windows-x86_64, r-patched-linux-x86_64, r-release-linux-x86_64, r-release-macos-arm64, r-release-macos-x86_64, r-release-windows-x86_64
Version: 0.1.0
Check: installed package size
Result: NOTE
installed size is 5.1Mb
sub-directories of 1Mb or more:
libs 3.9Mb
Flavors: r-release-macos-arm64, r-release-macos-x86_64, r-oldrel-macos-arm64, r-oldrel-macos-x86_64