Last updated on 2024-06-27 16:48:59 CEST.
Flavor | Version | Tinstall | Tcheck | Ttotal | Status | Flags |
---|---|---|---|---|---|---|
r-devel-linux-x86_64-debian-clang | 0.3.3 | OK | ||||
r-devel-linux-x86_64-debian-gcc | 0.3.3 | 41.98 | 152.02 | 194.00 | OK | |
r-devel-linux-x86_64-fedora-clang | 0.3.3 | 345.49 | NOTE | |||
r-devel-linux-x86_64-fedora-gcc | 0.3.3 | 356.38 | NOTE | |||
r-devel-windows-x86_64 | 0.3.3 | 44.00 | 239.00 | 283.00 | OK | |
r-patched-linux-x86_64 | 0.3.3 | 36.70 | 198.35 | 235.05 | OK | |
r-release-linux-x86_64 | 0.3.3 | 35.56 | 200.22 | 235.78 | OK | |
r-release-macos-arm64 | 0.3.3 | 92.00 | OK | |||
r-release-macos-x86_64 | 0.3.3 | 140.00 | OK | |||
r-release-windows-x86_64 | 0.3.3 | 47.00 | 237.00 | 284.00 | OK | |
r-oldrel-macos-arm64 | 0.3.3 | 120.00 | OK | |||
r-oldrel-macos-x86_64 | 0.3.3 | 244.00 | OK | |||
r-oldrel-windows-x86_64 | 0.3.3 | 59.00 | 229.00 | 288.00 | OK |
Version: 0.3.3
Check: Rd cross-references
Result: NOTE
Undeclared package ‘R6’ in Rd xrefs
Flavor: r-devel-linux-x86_64-fedora-clang
Version: 0.3.3
Check: data for non-ASCII characters
Result: NOTE
Note: found 33 marked UTF-8 strings
Flavors: r-devel-linux-x86_64-fedora-clang, r-devel-linux-x86_64-fedora-gcc