Last updated on 2024-06-27 16:48:59 CEST.
Flavor | Version | Tinstall | Tcheck | Ttotal | Status | Flags |
---|---|---|---|---|---|---|
r-devel-linux-x86_64-debian-clang | 0.3.1 | NOTE | ||||
r-devel-linux-x86_64-debian-gcc | 0.3.1 | 3.90 | 103.40 | 107.30 | NOTE | |
r-devel-linux-x86_64-fedora-clang | 0.3.1 | 198.69 | NOTE | |||
r-devel-linux-x86_64-fedora-gcc | 0.3.1 | 196.08 | NOTE | |||
r-devel-windows-x86_64 | 0.3.1 | 7.00 | 114.00 | 121.00 | NOTE | |
r-patched-linux-x86_64 | 0.3.1 | 5.95 | 146.17 | 152.12 | NOTE | |
r-release-linux-x86_64 | 0.3.1 | 5.55 | 144.96 | 150.51 | NOTE | |
r-release-macos-arm64 | 0.3.1 | 53.00 | NOTE | |||
r-release-macos-x86_64 | 0.3.1 | 83.00 | NOTE | |||
r-release-windows-x86_64 | 0.3.1 | 7.00 | 116.00 | 123.00 | NOTE | |
r-oldrel-macos-arm64 | 0.3.1 | 55.00 | NOTE | |||
r-oldrel-macos-x86_64 | 0.3.1 | 98.00 | NOTE | |||
r-oldrel-windows-x86_64 | 0.3.1 | 9.00 | 139.00 | 148.00 | NOTE |
Version: 0.3.1
Check: LazyData
Result: NOTE
'LazyData' is specified without a 'data' directory
Flavors: r-devel-linux-x86_64-debian-clang, r-devel-linux-x86_64-debian-gcc, r-devel-linux-x86_64-fedora-clang, r-devel-linux-x86_64-fedora-gcc, r-devel-windows-x86_64, r-patched-linux-x86_64, r-release-linux-x86_64, r-release-macos-arm64, r-release-macos-x86_64, r-release-windows-x86_64, r-oldrel-macos-arm64, r-oldrel-macos-x86_64, r-oldrel-windows-x86_64