Last updated on 2024-06-27 16:48:59 CEST.
Flavor | Version | Tinstall | Tcheck | Ttotal | Status | Flags |
---|---|---|---|---|---|---|
r-devel-linux-x86_64-debian-clang | 0.35 | NOTE | ||||
r-devel-linux-x86_64-debian-gcc | 0.35 | 7.12 | 52.71 | 59.83 | NOTE | |
r-devel-linux-x86_64-fedora-clang | 0.35 | 101.35 | NOTE | |||
r-devel-linux-x86_64-fedora-gcc | 0.35 | 94.30 | NOTE | |||
r-devel-windows-x86_64 | 0.35 | 11.00 | 81.00 | 92.00 | NOTE | |
r-patched-linux-x86_64 | 0.35 | 9.86 | 68.13 | 77.99 | OK | |
r-release-linux-x86_64 | 0.35 | 7.07 | 68.04 | 75.11 | OK | |
r-release-macos-arm64 | 0.35 | 29.00 | OK | |||
r-release-macos-x86_64 | 0.35 | 45.00 | OK | |||
r-release-windows-x86_64 | 0.35 | 11.00 | 81.00 | 92.00 | OK | |
r-oldrel-macos-arm64 | 0.35 | 50.00 | OK | |||
r-oldrel-macos-x86_64 | 0.35 | 107.00 | OK | |||
r-oldrel-windows-x86_64 | 0.35 | 10.00 | 92.00 | 102.00 | OK |
Version: 0.35
Check: compiled code
Result: NOTE
File ‘admisc/libs/admisc.so’:
Found non-API calls to R: ‘ENVFLAGS’, ‘SET_ENVFLAGS’
Compiled code should not call non-API entry points in R.
See ‘Writing portable packages’ in the ‘Writing R Extensions’ manual.
Flavors: r-devel-linux-x86_64-debian-clang, r-devel-linux-x86_64-fedora-clang, r-devel-linux-x86_64-fedora-gcc
Version: 0.35
Check: compiled code
Result: NOTE
File ‘admisc/libs/admisc.so’:
Found non-API calls to R: ‘ENVFLAGS’, ‘SET_ENVFLAGS’
Compiled code should not call non-API entry points in R.
See ‘Writing portable packages’ in the ‘Writing R Extensions’ manual.
See section ‘Moving into C API compliance’ in the ‘Writing R
Extensions’ manual for issues with use of non-API entry points.
Flavor: r-devel-linux-x86_64-debian-gcc
Version: 0.35
Check: compiled code
Result: NOTE
File 'admisc/libs/x64/admisc.dll':
Found non-API calls to R: 'ENVFLAGS', 'SET_ENVFLAGS'
Compiled code should not call non-API entry points in R.
See 'Writing portable packages' in the 'Writing R Extensions' manual.
Flavor: r-devel-windows-x86_64