Last updated on 2024-07-13 11:49:07 CEST.
Flavor | Version | Tinstall | Tcheck | Ttotal | Status | Flags |
---|---|---|---|---|---|---|
r-devel-linux-x86_64-debian-clang | 0.11.1 | 13.64 | 600.74 | 614.38 | OK | |
r-devel-linux-x86_64-debian-gcc | 0.11.1 | 12.03 | 423.66 | 435.69 | OK | |
r-devel-linux-x86_64-fedora-clang | 0.11.1 | 746.15 | NOTE | |||
r-devel-linux-x86_64-fedora-gcc | 0.11.1 | 734.88 | OK | |||
r-devel-windows-x86_64 | 0.11.1 | 13.00 | 457.00 | 470.00 | NOTE | |
r-patched-linux-x86_64 | 0.11.1 | 13.92 | 565.56 | 579.48 | OK | |
r-release-linux-x86_64 | 0.11.1 | 13.04 | 579.72 | 592.76 | OK | |
r-release-macos-arm64 | 0.11.1 | 233.00 | OK | |||
r-release-macos-x86_64 | 0.11.1 | 331.00 | OK | |||
r-release-windows-x86_64 | 0.11.1 | 13.00 | 455.00 | 468.00 | OK | |
r-oldrel-macos-arm64 | 0.11.1 | 236.00 | OK | |||
r-oldrel-macos-x86_64 | 0.11.1 | 532.00 | OK | |||
r-oldrel-windows-x86_64 | 0.11.1 | 19.00 | 583.00 | 602.00 | OK |
Version: 0.11.1
Check: Rd cross-references
Result: NOTE
Undeclared packages ‘timereg’, ‘rms’, ‘ranger’ in Rd xrefs
Flavor: r-devel-linux-x86_64-fedora-clang
Version: 0.11.1
Check: Rd cross-references
Result: NOTE
Found the following Rd file(s) with Rd \link{} targets missing package
anchors:
cif_aiptw.Rd: coxph
cif_aiptw_pseudo.Rd: multinom
cif_iptw.Rd: multinom
cif_iptw_pseudo.Rd: multinom
surv_iptw_cox.Rd: multinom, survfit.coxph
surv_iptw_km.Rd: multinom
surv_iptw_pseudo.Rd: multinom
surv_km.Rd: survfit
Please provide package anchors for all Rd \link{} targets not in the
package itself and the base packages.
Flavor: r-devel-windows-x86_64