Last updated on 2024-06-27 16:48:59 CEST.
Flavor | Version | Tinstall | Tcheck | Ttotal | Status | Flags |
---|---|---|---|---|---|---|
r-devel-linux-x86_64-debian-clang | 1.0 | OK | ||||
r-devel-linux-x86_64-debian-gcc | 1.0 | 47.28 | 62.35 | 109.63 | OK | |
r-devel-linux-x86_64-fedora-clang | 1.0 | 200.93 | OK | |||
r-devel-linux-x86_64-fedora-gcc | 1.0 | 207.95 | OK | |||
r-devel-windows-x86_64 | 1.0 | 53.00 | 89.00 | 142.00 | OK | |
r-patched-linux-x86_64 | 1.0 | 63.42 | 78.35 | 141.77 | OK | |
r-release-linux-x86_64 | 1.0 | 60.26 | 81.31 | 141.57 | OK | |
r-release-macos-arm64 | 1.0 | 54.00 | NOTE | |||
r-release-macos-x86_64 | 1.0 | 73.00 | NOTE | |||
r-release-windows-x86_64 | 1.0 | 56.00 | 93.00 | 149.00 | OK | |
r-oldrel-macos-arm64 | 1.0 | 60.00 | NOTE | |||
r-oldrel-macos-x86_64 | 1.0 | 99.00 | NOTE | |||
r-oldrel-windows-x86_64 | 1.0 | 65.00 | 112.00 | 177.00 | OK |
Version: 1.0
Check: installed package size
Result: NOTE
installed size is 6.3Mb
sub-directories of 1Mb or more:
libs 6.1Mb
Flavors: r-release-macos-arm64, r-release-macos-x86_64, r-oldrel-macos-arm64, r-oldrel-macos-x86_64