Last updated on 2024-06-27 16:48:59 CEST.
Flavor | Version | Tinstall | Tcheck | Ttotal | Status | Flags |
---|---|---|---|---|---|---|
r-devel-linux-x86_64-debian-clang | 0.5.0 | OK | ||||
r-devel-linux-x86_64-debian-gcc | 0.5.0 | 23.04 | 280.09 | 303.13 | OK | |
r-devel-linux-x86_64-fedora-clang | 0.5.0 | 514.28 | NOTE | |||
r-devel-linux-x86_64-fedora-gcc | 0.5.0 | 501.74 | OK | |||
r-devel-windows-x86_64 | 0.5.0 | 26.00 | 376.00 | 402.00 | OK | |
r-patched-linux-x86_64 | 0.5.0 | 32.13 | 376.34 | 408.47 | OK | |
r-release-linux-x86_64 | 0.5.0 | 22.80 | 385.42 | 408.22 | OK | |
r-release-macos-arm64 | 0.5.0 | 151.00 | OK | |||
r-release-macos-x86_64 | 0.5.0 | 236.00 | OK | |||
r-release-windows-x86_64 | 0.5.0 | 28.00 | 375.00 | 403.00 | OK | |
r-oldrel-macos-arm64 | 0.5.0 | 127.00 | OK | |||
r-oldrel-macos-x86_64 | 0.5.0 | 172.00 | OK | |||
r-oldrel-windows-x86_64 | 0.5.0 | 35.00 | 434.00 | 469.00 | OK |
Version: 0.5.0
Check: Rd cross-references
Result: NOTE
Undeclared package ‘future’ in Rd xrefs
Flavor: r-devel-linux-x86_64-fedora-clang