Last updated on 2024-07-13 11:49:07 CEST.
Flavor | Version | Tinstall | Tcheck | Ttotal | Status | Flags |
---|---|---|---|---|---|---|
r-devel-linux-x86_64-debian-clang | 0.4.8 | 268.17 | 111.91 | 380.08 | NOTE | |
r-devel-linux-x86_64-debian-gcc | 0.4.8 | 219.87 | 93.55 | 313.42 | NOTE | |
r-devel-linux-x86_64-fedora-clang | 0.4.8 | 461.66 | NOTE | |||
r-devel-linux-x86_64-fedora-gcc | 0.4.8 | 623.78 | NOTE | |||
r-devel-windows-x86_64 | 0.4.8 | 200.00 | 131.00 | 331.00 | NOTE | |
r-patched-linux-x86_64 | 0.4.8 | 259.50 | 119.94 | 379.44 | NOTE | |
r-release-linux-x86_64 | 0.4.8 | 267.06 | 118.87 | 385.93 | NOTE | |
r-release-macos-arm64 | 0.4.8 | 130.00 | NOTE | |||
r-release-macos-x86_64 | 0.4.8 | 203.00 | WARN | |||
r-release-windows-x86_64 | 0.4.8 | 191.00 | 131.00 | 322.00 | NOTE | |
r-oldrel-macos-arm64 | 0.4.8 | 124.00 | NOTE | |||
r-oldrel-macos-x86_64 | 0.4.8 | 373.00 | NOTE | |||
r-oldrel-windows-x86_64 | 0.4.8 | 264.00 | 161.00 | 425.00 | OK |
Version: 0.4.8
Check: Rd files
Result: NOTE
checkRd: (-1) abess.Rd:260: Lost braces in \itemize; meant \describe ?
checkRd: (-1) abess.Rd:261: Lost braces in \itemize; meant \describe ?
checkRd: (-1) abess.Rd:262: Lost braces in \itemize; meant \describe ?
checkRd: (-1) abess.Rd:263: Lost braces in \itemize; meant \describe ?
checkRd: (-1) coef.abesspca.Rd:16: Lost braces; missing escapes or markup?
16 | This parameter is omitted if {sparse.type = "kpc"}.}
| ^
checkRd: (-1) coef.abesspca.Rd:22: Lost braces; missing escapes or markup?
22 | This parameter is omitted if {sparse.type = "fpc"}.}
| ^
checkRd: (-1) generate.data.Rd:51: Lost braces
51 | code{cortype = 3} denotes the constant structure,
| ^
Flavors: r-devel-linux-x86_64-debian-clang, r-devel-linux-x86_64-debian-gcc, r-devel-linux-x86_64-fedora-clang, r-devel-linux-x86_64-fedora-gcc, r-devel-windows-x86_64, r-patched-linux-x86_64, r-release-linux-x86_64, r-release-macos-arm64, r-release-macos-x86_64, r-release-windows-x86_64
Version: 0.4.8
Check: installed package size
Result: NOTE
installed size is 105.4Mb
sub-directories of 1Mb or more:
libs 104.4Mb
Flavors: r-release-macos-arm64, r-release-macos-x86_64, r-oldrel-macos-arm64, r-oldrel-macos-x86_64
Version: 0.4.8
Check: package dependencies
Result: WARN
Skipping vignette re-building
Package suggested but not available for checking: ‘knitr’
VignetteBuilder package required for checking but not installed: ‘knitr’
Flavor: r-release-macos-x86_64