Last updated on 2024-06-27 16:49:18 CEST.
Flavor | Version | Tinstall | Tcheck | Ttotal | Status | Flags |
---|---|---|---|---|---|---|
r-devel-linux-x86_64-debian-clang | 0.1.2 | OK | ||||
r-devel-linux-x86_64-debian-gcc | 0.1.2 | 43.04 | 74.53 | 117.57 | OK | |
r-devel-linux-x86_64-fedora-clang | 0.1.2 | 204.28 | OK | |||
r-devel-linux-x86_64-fedora-gcc | 0.1.2 | 221.98 | OK | |||
r-devel-windows-x86_64 | 0.1.2 | 47.00 | 106.00 | 153.00 | OK | |
r-patched-linux-x86_64 | 0.1.2 | 60.65 | 92.80 | 153.45 | OK | |
r-release-linux-x86_64 | 0.1.2 | 56.24 | 96.02 | 152.26 | OK | |
r-release-macos-arm64 | 0.1.2 | 66.00 | NOTE | |||
r-release-macos-x86_64 | 0.1.2 | 101.00 | NOTE | |||
r-release-windows-x86_64 | 0.1.2 | 49.00 | 105.00 | 154.00 | OK | |
r-oldrel-macos-arm64 | 0.1.2 | 62.00 | NOTE | |||
r-oldrel-macos-x86_64 | 0.1.2 | 117.00 | NOTE | |||
r-oldrel-windows-x86_64 | 0.1.2 | 56.00 | 129.00 | 185.00 | OK |
Version: 0.1.2
Check: installed package size
Result: NOTE
installed size is 12.2Mb
sub-directories of 1Mb or more:
doc 1.2Mb
libs 10.3Mb
Flavors: r-release-macos-arm64, r-release-macos-x86_64, r-oldrel-macos-arm64, r-oldrel-macos-x86_64