Last updated on 2024-06-27 16:49:18 CEST.
Flavor | Version | Tinstall | Tcheck | Ttotal | Status | Flags |
---|---|---|---|---|---|---|
r-devel-linux-x86_64-debian-clang | 1.6-4 | OK | ||||
r-devel-linux-x86_64-debian-gcc | 1.6-4 | 14.70 | 179.99 | 194.69 | OK | |
r-devel-linux-x86_64-fedora-clang | 1.6-4 | 330.71 | OK | |||
r-devel-linux-x86_64-fedora-gcc | 1.6-4 | 323.53 | OK | |||
r-devel-windows-x86_64 | 1.6-4 | 21.00 | 249.00 | 270.00 | OK | |
r-patched-linux-x86_64 | 1.6-4 | 24.29 | 230.27 | 254.56 | OK | |
r-release-linux-x86_64 | 1.6-4 | 14.10 | 224.23 | 238.33 | OK | |
r-release-macos-arm64 | 1.6-4 | 109.00 | OK | |||
r-release-macos-x86_64 | 1.6-4 | 137.00 | WARN | |||
r-release-windows-x86_64 | 1.6-4 | 23.00 | 249.00 | 272.00 | OK | |
r-oldrel-macos-arm64 | 1.6-4 | 111.00 | OK | |||
r-oldrel-macos-x86_64 | 1.6-4 | 262.00 | OK | |||
r-oldrel-windows-x86_64 | 1.6-4 | 27.00 | 275.00 | 302.00 | OK |
Version: 1.6-4
Check: re-building of vignette outputs
Result: WARN
Error(s) in re-building vignettes:
--- re-building ‘WeightedCluster.Rnw’ using knitr
Error: processing vignette 'WeightedCluster.Rnw' failed with diagnostics:
Running 'texi2dvi' on 'WeightedCluster.tex' failed.
LaTeX errors:
! Undefined control sequence.
l.195 \hldef
{R> }\hlkwd{install.packages}\hldef{(}\hlsng{"WeightedCluster"}\...
?
! Emergency stop.
l.195
End of file on the terminal!
! ==> Fatal error occurred, no output PDF file produced!
--- failed re-building ‘WeightedCluster.Rnw’
--- re-building ‘WeightedClusterFR.Rnw’ using knitr
Error: processing vignette 'WeightedClusterFR.Rnw' failed with diagnostics:
Running 'texi2dvi' on 'WeightedClusterFR.tex' failed.
LaTeX errors:
! Undefined control sequence.
l.197 \hldef
{R> }\hlkwd{install.packages}\hldef{(}\hlsng{"WeightedCluster"}\...
?
! Emergency stop.
l.197
End of file on the terminal!
! ==> Fatal error occurred, no output PDF file produced!
--- failed re-building ‘WeightedClusterFR.Rnw’
--- re-building ‘WeightedClusterPreview.Rnw’ using knitr
Error: processing vignette 'WeightedClusterPreview.Rnw' failed with diagnostics:
Running 'texi2dvi' on 'WeightedClusterPreview.tex' failed.
LaTeX errors:
! Undefined control sequence.
l.155 \hldef
{R> }\hlkwd{install.packages}\hldef{(}\hlsng{"WeightedCluster"}\...
?
! Emergency stop.
l.155
End of file on the terminal!
! ==> Fatal error occurred, no output PDF file produced!
--- failed re-building ‘WeightedClusterPreview.Rnw’
SUMMARY: processing the following files failed:
‘WeightedCluster.Rnw’ ‘WeightedClusterFR.Rnw’
‘WeightedClusterPreview.Rnw’
Error: Vignette re-building failed.
Execution halted
Flavor: r-release-macos-x86_64