Last updated on 2024-06-27 16:49:18 CEST.
Flavor | Version | Tinstall | Tcheck | Ttotal | Status | Flags |
---|---|---|---|---|---|---|
r-devel-linux-x86_64-debian-clang | 0.1.3 | NOTE | ||||
r-devel-linux-x86_64-debian-gcc | 0.1.3 | 91.73 | 51.95 | 143.68 | NOTE | |
r-devel-linux-x86_64-fedora-clang | 0.1.3 | 310.99 | NOTE | |||
r-devel-linux-x86_64-fedora-gcc | 0.1.3 | 309.60 | NOTE | |||
r-devel-windows-x86_64 | 0.1.3 | 110.00 | 85.00 | 195.00 | NOTE | |
r-patched-linux-x86_64 | 0.1.3 | 113.19 | 64.45 | 177.64 | NOTE | |
r-release-linux-x86_64 | 0.1.3 | 108.85 | 65.81 | 174.66 | NOTE | |
r-release-macos-arm64 | 0.1.3 | 53.00 | NOTE | |||
r-release-macos-x86_64 | 0.1.3 | 64.00 | NOTE | |||
r-release-windows-x86_64 | 0.1.3 | 117.00 | 84.00 | 201.00 | NOTE | |
r-oldrel-macos-arm64 | 0.1.3 | 76.00 | NOTE | |||
r-oldrel-macos-x86_64 | 0.1.3 | 119.00 | NOTE | |||
r-oldrel-windows-x86_64 | 0.1.3 | 132.00 | 107.00 | 239.00 | NOTE |
Version: 0.1.3
Check: C++ specification
Result: NOTE
Specified C++11: please drop specification unless essential
Flavors: r-devel-linux-x86_64-debian-clang, r-devel-linux-x86_64-debian-gcc, r-devel-linux-x86_64-fedora-clang, r-devel-linux-x86_64-fedora-gcc, r-devel-windows-x86_64, r-patched-linux-x86_64, r-release-linux-x86_64, r-release-macos-arm64, r-release-macos-x86_64, r-release-windows-x86_64, r-oldrel-macos-arm64, r-oldrel-macos-x86_64, r-oldrel-windows-x86_64
Version: 0.1.3
Check: installed package size
Result: NOTE
installed size is 5.1Mb
sub-directories of 1Mb or more:
libs 5.0Mb
Flavor: r-oldrel-macos-arm64