Last updated on 2024-07-13 11:49:31 CEST.
Flavor | Version | Tinstall | Tcheck | Ttotal | Status | Flags |
---|---|---|---|---|---|---|
r-devel-linux-x86_64-debian-clang | 0.2.2 | 2.19 | 50.20 | 52.39 | NOTE | |
r-devel-linux-x86_64-debian-gcc | 0.2.2 | 1.38 | 37.23 | 38.61 | NOTE | |
r-devel-linux-x86_64-fedora-clang | 0.2.2 | 63.45 | NOTE | |||
r-devel-linux-x86_64-fedora-gcc | 0.2.2 | 60.34 | NOTE | |||
r-devel-windows-x86_64 | 0.2.2 | 3.00 | 56.00 | 59.00 | NOTE | |
r-patched-linux-x86_64 | 0.2.2 | 1.68 | 48.08 | 49.76 | NOTE | |
r-release-linux-x86_64 | 0.2.2 | 2.12 | 47.71 | 49.83 | NOTE | |
r-release-macos-arm64 | 0.2.2 | 22.00 | NOTE | |||
r-release-macos-x86_64 | 0.2.2 | 34.00 | NOTE | |||
r-release-windows-x86_64 | 0.2.2 | 3.00 | 57.00 | 60.00 | NOTE | |
r-oldrel-macos-arm64 | 0.2.2 | 24.00 | NOTE | |||
r-oldrel-macos-x86_64 | 0.2.2 | 35.00 | NOTE | |||
r-oldrel-windows-x86_64 | 0.2.2 | 3.00 | 64.00 | 67.00 | NOTE |
Version: 0.2.2
Check: LazyData
Result: NOTE
'LazyData' is specified without a 'data' directory
Flavors: r-devel-linux-x86_64-debian-clang, r-devel-linux-x86_64-debian-gcc, r-devel-linux-x86_64-fedora-clang, r-devel-linux-x86_64-fedora-gcc, r-devel-windows-x86_64, r-patched-linux-x86_64, r-release-linux-x86_64, r-release-macos-arm64, r-release-macos-x86_64, r-release-windows-x86_64, r-oldrel-macos-arm64, r-oldrel-macos-x86_64, r-oldrel-windows-x86_64