Last updated on 2024-07-13 11:49:30 CEST.
Flavor | Version | Tinstall | Tcheck | Ttotal | Status | Flags |
---|---|---|---|---|---|---|
r-devel-linux-x86_64-debian-clang | 2.0.0 | 9.95 | 103.82 | 113.77 | NOTE | |
r-devel-linux-x86_64-debian-gcc | 2.0.0 | 10.11 | 76.71 | 86.82 | NOTE | |
r-devel-linux-x86_64-fedora-clang | 2.0.0 | 146.78 | NOTE | |||
r-devel-linux-x86_64-fedora-gcc | 2.0.0 | 134.15 | NOTE | |||
r-devel-windows-x86_64 | 2.0.0 | 11.00 | 91.00 | 102.00 | NOTE | |
r-patched-linux-x86_64 | 2.0.0 | 9.92 | 99.58 | 109.50 | NOTE | |
r-release-linux-x86_64 | 2.0.0 | 9.29 | 95.86 | 105.15 | NOTE | |
r-release-macos-arm64 | 2.0.0 | 41.00 | NOTE | |||
r-release-macos-x86_64 | 2.0.0 | 59.00 | NOTE | |||
r-release-windows-x86_64 | 2.0.0 | 11.00 | 92.00 | 103.00 | NOTE | |
r-oldrel-macos-arm64 | 2.0.0 | 47.00 | NOTE | |||
r-oldrel-macos-x86_64 | 2.0.0 | 74.00 | NOTE | |||
r-oldrel-windows-x86_64 | 2.0.0 | 14.00 | 110.00 | 124.00 | NOTE |
Version: 2.0.0
Check: LazyData
Result: NOTE
'LazyData' is specified without a 'data' directory
Flavors: r-devel-linux-x86_64-debian-clang, r-devel-linux-x86_64-debian-gcc, r-devel-linux-x86_64-fedora-clang, r-devel-linux-x86_64-fedora-gcc, r-devel-windows-x86_64, r-patched-linux-x86_64, r-release-linux-x86_64, r-release-macos-arm64, r-release-macos-x86_64, r-release-windows-x86_64, r-oldrel-macos-arm64, r-oldrel-macos-x86_64, r-oldrel-windows-x86_64