Last updated on 2024-06-27 16:49:17 CEST.
Flavor | Version | Tinstall | Tcheck | Ttotal | Status | Flags |
---|---|---|---|---|---|---|
r-devel-linux-x86_64-debian-clang | 1.6.4 | NOTE | --no-vignettes | |||
r-devel-linux-x86_64-debian-gcc | 1.6.4 | 18.06 | 110.17 | 128.23 | NOTE | --no-vignettes |
r-devel-linux-x86_64-fedora-clang | 1.6.4 | 1020.15 | NOTE | |||
r-devel-linux-x86_64-fedora-gcc | 1.6.4 | 1000.25 | NOTE | |||
r-devel-windows-x86_64 | 1.6.4 | 17.00 | 151.00 | 168.00 | NOTE | --no-vignettes |
r-patched-linux-x86_64 | 1.6.4 | 24.32 | 143.33 | 167.65 | NOTE | --no-vignettes |
r-release-linux-x86_64 | 1.6.4 | 17.80 | 147.62 | 165.42 | NOTE | --no-vignettes |
r-release-macos-arm64 | 1.6.4 | 331.00 | OK | |||
r-release-macos-x86_64 | 1.6.4 | 542.00 | OK | |||
r-release-windows-x86_64 | 1.6.4 | 17.00 | 152.00 | 169.00 | NOTE | --no-vignettes |
r-oldrel-macos-arm64 | 1.6.4 | 323.00 | OK | |||
r-oldrel-macos-x86_64 | 1.6.4 | 747.00 | OK | |||
r-oldrel-windows-x86_64 | 1.6.4 | 24.00 | 173.00 | 197.00 | OK | --no-vignettes |
Version: 1.6.4
Flags: --no-vignettes
Check: HTML version of manual
Result: NOTE
Found the following HTML validation problems:
ypr_sel.html:113:1 (ypr_sel.Rd:31): Warning: trimming empty <li>
ypr_sel.html:112:1 (ypr_sel.Rd:31): Warning: trimming empty <ul>
Flavors: r-devel-linux-x86_64-debian-clang, r-devel-linux-x86_64-debian-gcc, r-devel-windows-x86_64, r-patched-linux-x86_64, r-release-linux-x86_64, r-release-windows-x86_64
Version: 1.6.4
Check: HTML version of manual
Result: NOTE
Found the following HTML validation problems:
ypr_sel.html:113:1 (ypr_sel.Rd:31): Warning: trimming empty <li>
ypr_sel.html:112:1 (ypr_sel.Rd:31): Warning: trimming empty <ul>
Flavors: r-devel-linux-x86_64-fedora-clang, r-devel-linux-x86_64-fedora-gcc