Last updated on 2024-05-21 07:53:24 CEST.
Flavor | Version | Tinstall | Tcheck | Ttotal | Status | Flags |
---|---|---|---|---|---|---|
r-devel-linux-x86_64-debian-clang | 1.10.0 | 90.45 | 186.35 | 276.80 | NOTE | |
r-devel-linux-x86_64-debian-gcc | 1.10.0 | 66.41 | 135.92 | 202.33 | NOTE | |
r-devel-linux-x86_64-fedora-clang | 1.10.0 | 352.14 | NOTE | |||
r-devel-linux-x86_64-fedora-gcc | 1.10.0 | 376.61 | NOTE | |||
r-devel-windows-x86_64 | 1.10.0 | 78.00 | 185.00 | 263.00 | NOTE | |
r-patched-linux-x86_64 | 1.10.0 | 106.10 | 176.11 | 282.21 | NOTE | |
r-release-linux-x86_64 | 1.10.0 | 99.22 | 178.22 | 277.44 | NOTE | |
r-release-macos-arm64 | 1.10.0 | 92.00 | NOTE | |||
r-release-windows-x86_64 | 1.10.0 | 75.00 | 185.00 | 260.00 | NOTE | |
r-oldrel-macos-arm64 | 1.10.0 | 90.00 | NOTE | |||
r-oldrel-macos-x86_64 | 1.10.0 | 213.00 | NOTE | |||
r-oldrel-windows-x86_64 | 1.10.0 | 94.00 | 241.00 | 335.00 | OK |
Version: 1.10.0
Check: Rd files
Result: NOTE
checkRd: (-1) ReadTntTree.Rd:37: Lost braces
37 | \link{TNTOrder}{\code{tnt} order},
| ^
Flavors: r-devel-linux-x86_64-debian-clang, r-devel-linux-x86_64-debian-gcc, r-devel-linux-x86_64-fedora-clang, r-devel-linux-x86_64-fedora-gcc, r-devel-windows-x86_64, r-patched-linux-x86_64, r-release-linux-x86_64, r-release-macos-arm64, r-release-windows-x86_64
Version: 1.10.0
Check: installed package size
Result: NOTE
installed size is 5.3Mb
sub-directories of 1Mb or more:
R 1.0Mb
libs 3.2Mb
Flavors: r-release-macos-arm64, r-oldrel-macos-arm64, r-oldrel-macos-x86_64