Last updated on 2024-06-27 16:49:18 CEST.
Flavor | Version | Tinstall | Tcheck | Ttotal | Status | Flags |
---|---|---|---|---|---|---|
r-devel-linux-x86_64-debian-clang | 0.1.0 | OK | ||||
r-devel-linux-x86_64-debian-gcc | 0.1.0 | 11.56 | 91.56 | 103.12 | OK | |
r-devel-linux-x86_64-fedora-clang | 0.1.0 | 175.72 | NOTE | |||
r-devel-linux-x86_64-fedora-gcc | 0.1.0 | 171.73 | NOTE | |||
r-devel-windows-x86_64 | 0.1.0 | 14.00 | 98.00 | 112.00 | OK | |
r-patched-linux-x86_64 | 0.1.0 | 9.39 | 115.76 | 125.15 | OK | |
r-release-linux-x86_64 | 0.1.0 | 9.28 | 118.21 | 127.49 | OK | |
r-release-macos-arm64 | 0.1.0 | 48.00 | OK | |||
r-release-macos-x86_64 | 0.1.0 | 69.00 | OK | |||
r-release-windows-x86_64 | 0.1.0 | 15.00 | 101.00 | 116.00 | OK | |
r-oldrel-macos-arm64 | 0.1.0 | 54.00 | OK | |||
r-oldrel-macos-x86_64 | 0.1.0 | 64.00 | OK | |||
r-oldrel-windows-x86_64 | 0.1.0 | 18.00 | 123.00 | 141.00 | OK |
Version: 0.1.0
Check: dependencies in R code
Result: NOTE
Namespaces in Imports field not imported from:
‘reticulate’ ‘tensorflow’
All declared Imports should be used.
Flavors: r-devel-linux-x86_64-fedora-clang, r-devel-linux-x86_64-fedora-gcc