Last updated on 2024-06-27 16:49:17 CEST.
Flavor | Version | Tinstall | Tcheck | Ttotal | Status | Flags |
---|---|---|---|---|---|---|
r-devel-linux-x86_64-debian-clang | 1.9.1 | NOTE | ||||
r-devel-linux-x86_64-debian-gcc | 1.9.1 | 119.77 | 80.76 | 200.53 | NOTE | |
r-devel-linux-x86_64-fedora-clang | 1.9.1 | 299.23 | NOTE | |||
r-devel-linux-x86_64-fedora-gcc | 1.9.1 | 391.72 | NOTE | |||
r-devel-windows-x86_64 | 1.9.1 | 117.00 | 221.00 | 338.00 | NOTE | |
r-patched-linux-x86_64 | 1.9.1 | 151.41 | 102.93 | 254.34 | NOTE | |
r-release-linux-x86_64 | 1.9.1 | 147.81 | 102.81 | 250.62 | NOTE | |
r-release-macos-arm64 | 1.9.1 | 79.00 | NOTE | |||
r-release-macos-x86_64 | 1.9.1 | 140.00 | NOTE | |||
r-release-windows-x86_64 | 1.9.1 | 121.00 | 168.00 | 289.00 | NOTE | |
r-oldrel-macos-arm64 | 1.9.1 | 97.00 | NOTE | |||
r-oldrel-macos-x86_64 | 1.9.1 | 266.00 | NOTE | |||
r-oldrel-windows-x86_64 | 1.9.1 | 144.00 | 237.00 | 381.00 | NOTE |
Version: 1.9.1
Check: for GNU extensions in Makefiles
Result: NOTE
GNU make is a SystemRequirements.
Flavors: r-devel-linux-x86_64-debian-clang, r-devel-linux-x86_64-debian-gcc, r-devel-linux-x86_64-fedora-clang, r-devel-linux-x86_64-fedora-gcc, r-devel-windows-x86_64, r-patched-linux-x86_64, r-release-linux-x86_64, r-release-macos-arm64, r-release-macos-x86_64, r-release-windows-x86_64, r-oldrel-macos-arm64, r-oldrel-macos-x86_64, r-oldrel-windows-x86_64
Version: 1.9.1
Check: dependencies in R code
Result: NOTE
Namespace in Imports field not imported from: ‘scales’
All declared Imports should be used.
Flavors: r-devel-linux-x86_64-fedora-clang, r-devel-linux-x86_64-fedora-gcc
Version: 1.9.1
Check: installed package size
Result: NOTE
installed size is 36.5Mb
sub-directories of 1Mb or more:
libs 35.2Mb
Flavors: r-release-macos-arm64, r-release-macos-x86_64, r-oldrel-macos-arm64, r-oldrel-macos-x86_64