Last updated on 2024-06-27 16:49:17 CEST.
Flavor | Version | Tinstall | Tcheck | Ttotal | Status | Flags |
---|---|---|---|---|---|---|
r-devel-linux-x86_64-debian-clang | 1.2.6 | OK | ||||
r-devel-linux-x86_64-debian-gcc | 1.2.6 | 27.66 | 305.05 | 332.71 | OK | |
r-devel-linux-x86_64-fedora-clang | 1.2.6 | 523.27 | NOTE | |||
r-devel-linux-x86_64-fedora-gcc | 1.2.6 | 546.32 | OK | |||
r-devel-windows-x86_64 | 1.2.6 | 34.00 | 359.00 | 393.00 | NOTE | |
r-patched-linux-x86_64 | 1.2.6 | 22.57 | 348.00 | 370.57 | OK | |
r-release-linux-x86_64 | 1.2.6 | 33.73 | 401.88 | 435.61 | OK | |
r-release-macos-arm64 | 1.2.6 | 91.00 | NOTE | |||
r-release-macos-x86_64 | 1.2.6 | 214.00 | NOTE | |||
r-release-windows-x86_64 | 1.2.6 | 37.00 | 285.00 | 322.00 | NOTE | |
r-oldrel-macos-arm64 | 1.2.6 | 106.00 | NOTE | |||
r-oldrel-macos-x86_64 | 1.2.6 | 184.00 | NOTE | |||
r-oldrel-windows-x86_64 | 1.2.6 | 44.00 | 441.00 | 485.00 | NOTE |
Version: 1.2.6
Check: package dependencies
Result: NOTE
Imports includes 26 non-default packages.
Importing from so many packages makes the package vulnerable to any of
them becoming unavailable. Move as many as possible to Suggests and
use conditionally.
Flavor: r-devel-linux-x86_64-fedora-clang
Version: 1.2.6
Check: installed package size
Result: NOTE
installed size is 13.3Mb
sub-directories of 1Mb or more:
doc 12.0Mb
Flavors: r-devel-linux-x86_64-fedora-clang, r-devel-windows-x86_64, r-release-macos-arm64, r-release-macos-x86_64, r-release-windows-x86_64, r-oldrel-macos-arm64, r-oldrel-macos-x86_64, r-oldrel-windows-x86_64