Last updated on 2024-07-13 11:49:29 CEST.
Flavor | Version | Tinstall | Tcheck | Ttotal | Status | Flags |
---|---|---|---|---|---|---|
r-devel-linux-x86_64-debian-clang | 4.2.0 | 5.17 | 45.29 | 50.46 | OK | |
r-devel-linux-x86_64-debian-gcc | 4.2.0 | 3.10 | 33.75 | 36.85 | OK | |
r-devel-linux-x86_64-fedora-clang | 4.2.0 | 62.89 | OK | |||
r-devel-linux-x86_64-fedora-gcc | 4.2.0 | 59.55 | OK | |||
r-devel-windows-x86_64 | 4.2.0 | 5.00 | 72.00 | 77.00 | NOTE | |
r-patched-linux-x86_64 | 4.2.0 | 7.28 | 42.51 | 49.79 | OK | |
r-release-linux-x86_64 | 4.2.0 | 5.15 | 43.19 | 48.34 | OK | |
r-release-macos-arm64 | 4.2.0 | 19.00 | OK | |||
r-release-macos-x86_64 | 4.2.0 | 34.00 | OK | |||
r-release-windows-x86_64 | 4.2.0 | 5.00 | 72.00 | 77.00 | OK | |
r-oldrel-macos-arm64 | 4.2.0 | 22.00 | OK | |||
r-oldrel-macos-x86_64 | 4.2.0 | 32.00 | OK | |||
r-oldrel-windows-x86_64 | 4.2.0 | 5.00 | 78.00 | 83.00 | OK |
Version: 4.2.0
Check: Rd cross-references
Result: NOTE
Found the following Rd file(s) with Rd \link{} targets missing package
anchors:
zoom.Rd: print.trellis, Lattice, xyplot
Please provide package anchors for all Rd \link{} targets not in the
package itself and the base packages.
Flavor: r-devel-windows-x86_64